CRAN Package Check Results for Package ACDm

Last updated on 2022-05-26 21:49:59 CEST.

Flavor Version Tinstall Tcheck Ttotal Status Flags
r-devel-linux-x86_64-debian-clang 1.0.4 21.06 110.41 131.47 NOTE
r-devel-linux-x86_64-debian-gcc 1.0.4 16.84 88.35 105.19 NOTE
r-devel-linux-x86_64-fedora-clang 1.0.4 151.99 NOTE
r-devel-linux-x86_64-fedora-gcc 1.0.4 167.96 NOTE
r-devel-windows-x86_64 1.0.4 43.00 141.00 184.00 OK
r-patched-linux-x86_64 1.0.4 20.95 104.48 125.43 OK
r-release-linux-x86_64 1.0.4 15.71 104.05 119.76 OK
r-release-macos-arm64 1.0.4 44.00 OK
r-release-macos-x86_64 1.0.4 66.00 OK
r-release-windows-x86_64 1.0.4 39.00 141.00 180.00 OK
r-oldrel-macos-arm64 1.0.4 52.00 OK
r-oldrel-macos-x86_64 1.0.4 84.00 OK
r-oldrel-windows-ix86+x86_64 1.0.4 47.00 189.00 236.00 OK

Check Details

Version: 1.0.4
Check: HTML version of manual
Result: NOTE
    Found the following problems:
    diurnalAdj.Rd:93:38: Warning: nested emphasis <code>
    diurnalAdj.Rd:99:38: Warning: nested emphasis <code>
Flavors: r-devel-linux-x86_64-debian-clang, r-devel-linux-x86_64-debian-gcc

Version: 1.0.4
Check: compiled code
Result: NOTE
    File ‘ACDm/libs/ACDm.so’:
     Found no calls to: ‘R_registerRoutines’, ‘R_useDynamicSymbols’
    
    It is good practice to register native routines and to disable symbol
    search.
    
    See ‘Writing portable packages’ in the ‘Writing R Extensions’ manual.
Flavors: r-devel-linux-x86_64-fedora-clang, r-devel-linux-x86_64-fedora-gcc