CRAN Package Check Results for Package ACDm

Last updated on 2020-12-02 00:47:58 CET.

Flavor Version Tinstall Tcheck Ttotal Status Flags
r-devel-linux-x86_64-debian-clang 1.0.4 21.74 79.05 100.79 OK
r-devel-linux-x86_64-debian-gcc 1.0.4 15.31 61.08 76.39 OK
r-devel-linux-x86_64-fedora-clang 1.0.4 134.16 NOTE
r-devel-linux-x86_64-fedora-gcc 1.0.4 115.30 NOTE
r-devel-windows-ix86+x86_64 1.0.4 38.00 166.00 204.00 OK
r-patched-linux-x86_64 1.0.4 15.77 75.65 91.42 OK
r-patched-solaris-x86 1.0.4 172.60 OK
r-release-linux-x86_64 1.0.4 16.14 75.18 91.32 OK
r-release-macos-x86_64 1.0.4 OK
r-release-windows-ix86+x86_64 1.0.4 32.00 121.00 153.00 OK
r-oldrel-macos-x86_64 1.0.4 OK
r-oldrel-windows-ix86+x86_64 1.0.4 36.00 154.00 190.00 OK

Check Details

Version: 1.0.4
Check: compiled code
Result: NOTE
    File ‘ACDm/libs/ACDm.so’:
     Found no calls to: ‘R_registerRoutines’, ‘R_useDynamicSymbols’
    
    It is good practice to register native routines and to disable symbol
    search.
    
    See ‘Writing portable packages’ in the ‘Writing R Extensions’ manual.
Flavors: r-devel-linux-x86_64-fedora-clang, r-devel-linux-x86_64-fedora-gcc