CRAN Package Check Results for Package ACDm

Last updated on 2024-07-18 12:50:43 CEST.

Flavor Version Tinstall Tcheck Ttotal Status Flags
r-devel-linux-x86_64-debian-clang 1.0.4.3 20.98 93.00 113.98 OK
r-devel-linux-x86_64-debian-gcc 1.0.4.3 14.45 68.63 83.08 OK
r-devel-linux-x86_64-fedora-clang 1.0.4.3 149.91 NOTE
r-devel-linux-x86_64-fedora-gcc 1.0.4.3 142.96 NOTE
r-devel-windows-x86_64 1.0.4.3 22.00 97.00 119.00 NOTE
r-patched-linux-x86_64 1.0.4.3 23.94 88.33 112.27 OK
r-release-linux-x86_64 1.0.4.3 16.16 92.54 108.70 OK
r-release-macos-arm64 1.0.4.3 48.00 OK
r-release-macos-x86_64 1.0.4.3 66.00 OK
r-release-windows-x86_64 1.0.4.3 22.00 99.00 121.00 OK
r-oldrel-macos-arm64 1.0.4.3 49.00 OK
r-oldrel-macos-x86_64 1.0.4.3 97.00 OK
r-oldrel-windows-x86_64 1.0.4.3 28.00 115.00 143.00 OK

Check Details

Version: 1.0.4.3
Check: compiled code
Result: NOTE File ‘ACDm/libs/ACDm.so’: Found no calls to: ‘R_registerRoutines’, ‘R_useDynamicSymbols’ It is good practice to register native routines and to disable symbol search. See ‘Writing portable packages’ in the ‘Writing R Extensions’ manual. Flavors: r-devel-linux-x86_64-fedora-clang, r-devel-linux-x86_64-fedora-gcc

Version: 1.0.4.3
Check: Rd cross-references
Result: NOTE Found the following Rd file(s) with Rd \link{} targets missing package anchors: acdFit.Rd: solnp plotScatterAcd.Rd: stat_smooth Please provide package anchors for all Rd \link{} targets not in the package itself and the base packages. Flavor: r-devel-windows-x86_64