CRAN Package Check Results for Package ACEt

Last updated on 2020-12-04 01:50:56 CET.

Flavor Version Tinstall Tcheck Ttotal Status Flags
r-devel-linux-x86_64-debian-clang 1.8.1 88.52 46.27 134.79 OK
r-devel-linux-x86_64-debian-gcc 1.8.1 58.84 36.28 95.12 OK
r-devel-linux-x86_64-fedora-clang 1.8.1 210.77 NOTE
r-devel-linux-x86_64-fedora-gcc 1.8.1 166.70 OK
r-devel-windows-ix86+x86_64 1.8.1 185.00 87.00 272.00 OK
r-patched-linux-x86_64 1.8.1 67.46 44.28 111.74 OK
r-patched-solaris-x86 1.8.1 171.20 OK
r-release-linux-x86_64 1.8.1 67.46 42.82 110.28 OK
r-release-macos-x86_64 1.8.1 NOTE
r-release-windows-ix86+x86_64 1.8.1 136.00 84.00 220.00 OK
r-oldrel-macos-x86_64 1.8.1 NOTE
r-oldrel-windows-ix86+x86_64 1.8.1 138.00 86.00 224.00 OK

Check Details

Version: 1.8.1
Check: installed package size
Result: NOTE
     installed size is 6.7Mb
     sub-directories of 1Mb or more:
     libs 6.4Mb
Flavors: r-devel-linux-x86_64-fedora-clang, r-release-macos-x86_64, r-oldrel-macos-x86_64