CRAN Package Check Results for Package ADGofTest

Last updated on 2022-09-27 14:53:22 CEST.

Flavor Version Tinstall Tcheck Ttotal Status Flags
r-devel-linux-x86_64-debian-clang 0.3 1.88 11.52 13.40 NOTE
r-devel-linux-x86_64-debian-gcc 0.3 1.59 10.36 11.95 NOTE
r-devel-linux-x86_64-fedora-clang 0.3 41.47 NOTE
r-devel-linux-x86_64-fedora-gcc 0.3 23.97 NOTE
r-devel-windows-x86_64 0.3 8.00 45.00 53.00 NOTE
r-patched-linux-x86_64 0.3 1.82 11.51 13.33 NOTE
r-release-linux-x86_64 0.3 1.92 12.09 14.01 NOTE
r-release-macos-arm64 0.3 12.00 NOTE
r-release-macos-x86_64 0.3 19.00 NOTE
r-release-windows-x86_64 0.3 3.00 38.00 41.00 NOTE
r-oldrel-macos-arm64 0.3 18.00 NOTE
r-oldrel-macos-x86_64 0.3 25.00 NOTE
r-oldrel-windows-ix86+x86_64 0.3 5.00 32.00 37.00 NOTE

Check Details

Version: 0.3
Check: DESCRIPTION meta-information
Result: NOTE
    Malformed Description field: should contain one or more complete sentences.
Flavors: r-devel-linux-x86_64-debian-clang, r-devel-linux-x86_64-debian-gcc, r-devel-linux-x86_64-fedora-clang, r-devel-linux-x86_64-fedora-gcc, r-devel-windows-x86_64, r-patched-linux-x86_64, r-release-linux-x86_64, r-release-macos-arm64, r-release-macos-x86_64, r-release-windows-x86_64, r-oldrel-macos-arm64, r-oldrel-macos-x86_64, r-oldrel-windows-ix86+x86_64