CRAN Package Check Results for Package ADMM

Last updated on 2020-12-02 00:47:59 CET.

Flavor Version Tinstall Tcheck Ttotal Status Flags
r-devel-linux-x86_64-debian-clang 0.3.2 97.01 66.29 163.30 OK
r-devel-linux-x86_64-debian-gcc 0.3.2 52.85 53.13 105.98 OK
r-devel-linux-x86_64-fedora-clang 0.3.2 197.01 NOTE
r-devel-linux-x86_64-fedora-gcc 0.3.2 177.77 OK
r-devel-windows-ix86+x86_64 0.3.2 163.00 132.00 295.00 OK
r-patched-linux-x86_64 0.3.2 61.24 64.47 125.71 OK
r-patched-solaris-x86 0.3.2 197.30 OK
r-release-linux-x86_64 0.3.2 65.48 64.51 129.99 OK
r-release-macos-x86_64 0.3.2 NOTE
r-release-windows-ix86+x86_64 0.3.2 167.00 100.00 267.00 OK
r-oldrel-macos-x86_64 0.3.2 NOTE
r-oldrel-windows-ix86+x86_64 0.3.2 121.00 117.00 238.00 OK

Check Details

Version: 0.3.2
Check: installed package size
Result: NOTE
     installed size is 6.5Mb
     sub-directories of 1Mb or more:
     libs 6.3Mb
Flavors: r-devel-linux-x86_64-fedora-clang, r-release-macos-x86_64, r-oldrel-macos-x86_64