Last updated on 2023-09-21 11:55:48 CEST.
Flavor | Version | Tinstall | Tcheck | Ttotal | Status | Flags |
---|---|---|---|---|---|---|
r-devel-linux-x86_64-debian-clang | 1.0 | 2.12 | 22.48 | 24.60 | NOTE | |
r-devel-linux-x86_64-debian-gcc | 1.0 | 1.61 | 16.94 | 18.55 | NOTE | |
r-devel-linux-x86_64-fedora-clang | 1.0 | 30.70 | NOTE | |||
r-devel-linux-x86_64-fedora-gcc | 1.0 | 29.58 | NOTE | |||
r-devel-windows-x86_64 | 1.0 | 3.00 | 37.00 | 40.00 | NOTE | |
r-patched-linux-x86_64 | 1.0 | 2.03 | 22.39 | 24.42 | NOTE | |
r-release-linux-x86_64 | 1.0 | 2.12 | 21.73 | 23.85 | NOTE | |
r-release-macos-arm64 | 1.0 | 16.00 | NOTE | |||
r-release-macos-x86_64 | 1.0 | 21.00 | NOTE | |||
r-release-windows-x86_64 | 1.0 | 3.00 | 43.00 | 46.00 | NOTE | |
r-oldrel-macos-arm64 | 1.0 | 15.00 | NOTE | |||
r-oldrel-macos-x86_64 | 1.0 | 21.00 | NOTE | |||
r-oldrel-windows-x86_64 | 1.0 | 4.00 | 42.00 | 46.00 | NOTE |
Version: 1.0
Check: DESCRIPTION meta-information
Result: NOTE
Malformed Title field: should not end in a period.
Flavors: r-devel-linux-x86_64-debian-clang, r-devel-linux-x86_64-debian-gcc, r-devel-linux-x86_64-fedora-clang, r-devel-linux-x86_64-fedora-gcc, r-devel-windows-x86_64, r-patched-linux-x86_64, r-release-linux-x86_64, r-release-macos-arm64, r-release-macos-x86_64, r-release-windows-x86_64, r-oldrel-macos-arm64, r-oldrel-macos-x86_64, r-oldrel-windows-x86_64