CRAN Package Check Results for Package AMModels

Last updated on 2020-12-04 01:50:56 CET.

Flavor Version Tinstall Tcheck Ttotal Status Flags
r-devel-linux-x86_64-debian-clang 0.1.4 16.47 103.11 119.58 OK
r-devel-linux-x86_64-debian-gcc 0.1.4 12.51 79.10 91.61 OK
r-devel-linux-x86_64-fedora-clang 0.1.4 153.07 OK
r-devel-linux-x86_64-fedora-gcc 0.1.4 145.12 OK
r-devel-windows-ix86+x86_64 0.1.4 30.00 113.00 143.00 OK
r-patched-linux-x86_64 0.1.4 13.38 98.62 112.00 OK
r-patched-solaris-x86 0.1.4 198.40 OK
r-release-linux-x86_64 0.1.4 14.66 99.15 113.81 OK
r-release-macos-x86_64 0.1.4 NOTE
r-release-windows-ix86+x86_64 0.1.4 19.00 116.00 135.00 OK
r-oldrel-macos-x86_64 0.1.4 OK
r-oldrel-windows-ix86+x86_64 0.1.4 21.00 117.00 138.00 OK

Check Details

Version: 0.1.4
Check: package dependencies
Result: NOTE
    Package suggested but not available for checking: ‘AICcmodavg’
Flavor: r-release-macos-x86_64