CRAN Package Check Results for Package AMPLE

Last updated on 2020-12-02 00:47:59 CET.

Flavor Version Tinstall Tcheck Ttotal Status Flags
r-devel-linux-x86_64-debian-clang 0.0.2 9.89 70.45 80.34 OK
r-devel-linux-x86_64-debian-gcc 0.0.2 7.16 55.09 62.25 OK
r-devel-linux-x86_64-fedora-clang 0.0.2 102.08 NOTE
r-devel-linux-x86_64-fedora-gcc 0.0.2 91.94 NOTE
r-devel-windows-ix86+x86_64 0.0.2 17.00 95.00 112.00 OK
r-patched-linux-x86_64 0.0.2 8.22 67.92 76.14 OK
r-patched-solaris-x86 0.0.2 125.90 NOTE
r-release-linux-x86_64 0.0.2 7.16 67.97 75.13 OK
r-release-macos-x86_64 0.0.2 NOTE
r-release-windows-ix86+x86_64 0.0.2 12.00 70.00 82.00 OK
r-oldrel-macos-x86_64 0.0.2 NOTE
r-oldrel-windows-ix86+x86_64 0.0.2 14.00 91.00 105.00 OK

Check Details

Version: 0.0.2
Check: dependencies in R code
Result: NOTE
    Namespace in Imports field not imported from: ‘shinyjs’
     All declared Imports should be used.
Flavors: r-devel-linux-x86_64-fedora-clang, r-devel-linux-x86_64-fedora-gcc, r-patched-solaris-x86, r-release-macos-x86_64, r-oldrel-macos-x86_64