CRAN Package Check Results for Package ANN2

Last updated on 2019-09-17 06:48:20 CEST.

Flavor Version Tinstall Tcheck Ttotal Status Flags
r-devel-linux-x86_64-debian-clang 2.3.2 379.45 53.49 432.94 OK
r-devel-linux-x86_64-fedora-clang 2.3.2 872.12 NOTE
r-devel-linux-x86_64-fedora-gcc 2.3.2 666.78 OK
r-devel-windows-ix86+x86_64 2.3.2 875.00 173.00 1048.00 NOTE
r-patched-linux-x86_64 2.3.2 341.29 50.24 391.53 OK
r-patched-solaris-x86 2.3.2 499.30 OK
r-release-linux-x86_64 2.3.2 346.60 55.49 402.09 OK
r-release-windows-ix86+x86_64 2.3.2 646.00 109.00 755.00 NOTE
r-release-osx-x86_64 2.3.2 NOTE
r-oldrel-windows-ix86+x86_64 2.3.2 860.00 111.00 971.00 NOTE
r-oldrel-osx-x86_64 2.3.2 NOTE

Check Details

Version: 2.3.2
Check: installed package size
Result: NOTE
     installed size is 56.7Mb
     sub-directories of 1Mb or more:
     cereal 1.4Mb
     libs 55.1Mb
Flavors: r-devel-linux-x86_64-fedora-clang, r-devel-windows-ix86+x86_64, r-release-windows-ix86+x86_64, r-release-osx-x86_64, r-oldrel-windows-ix86+x86_64, r-oldrel-osx-x86_64