CRAN Package Check Results for Package ANN2

Last updated on 2020-02-17 17:52:01 CET.

Flavor Version Tinstall Tcheck Ttotal Status Flags
r-devel-linux-x86_64-debian-clang 2.3.2 449.04 60.62 509.66 OK
r-devel-linux-x86_64-debian-gcc 2.3.2 327.76 63.12 390.88 OK
r-devel-linux-x86_64-fedora-clang 2.3.2 870.49 NOTE
r-devel-linux-x86_64-fedora-gcc 2.3.2 691.58 OK
r-devel-windows-ix86+x86_64 2.3.2 679.00 110.00 789.00 NOTE
r-devel-windows-ix86+x86_64-gcc8 2.3.2 959.00 151.00 1110.00 NOTE
r-patched-linux-x86_64 2.3.2 341.97 52.94 394.91 OK
r-patched-solaris-x86 2.3.2 505.50 OK
r-release-linux-x86_64 2.3.2 352.73 54.44 407.17 OK
r-release-windows-ix86+x86_64 2.3.2 686.00 109.00 795.00 NOTE
r-release-osx-x86_64 2.3.2 NOTE
r-oldrel-windows-ix86+x86_64 2.3.2 670.00 113.00 783.00 NOTE
r-oldrel-osx-x86_64 2.3.2 NOTE

Check Details

Version: 2.3.2
Check: installed package size
Result: NOTE
     installed size is 56.9Mb
     sub-directories of 1Mb or more:
     cereal 1.4Mb
     libs 55.3Mb
Flavors: r-devel-linux-x86_64-fedora-clang, r-devel-windows-ix86+x86_64, r-devel-windows-ix86+x86_64-gcc8, r-release-windows-ix86+x86_64, r-release-osx-x86_64, r-oldrel-windows-ix86+x86_64, r-oldrel-osx-x86_64