CRAN Package Check Results for Package ANOM

Last updated on 2024-05-29 11:52:29 CEST.

Flavor Version Tinstall Tcheck Ttotal Status Flags
r-devel-linux-x86_64-debian-clang 0.5 13.28 128.01 141.29 WARN
r-devel-linux-x86_64-debian-gcc 0.5 9.18 92.45 101.63 WARN
r-devel-linux-x86_64-fedora-clang 0.5 177.49 OK
r-devel-linux-x86_64-fedora-gcc 0.5 177.80 OK
r-devel-windows-x86_64 0.5 11.00 121.00 132.00 OK
r-patched-linux-x86_64 0.5 11.54 123.02 134.56 OK
r-release-linux-x86_64 0.5 9.83 132.07 141.90 OK
r-release-macos-arm64 0.5 57.00 OK
r-release-windows-x86_64 0.5 13.00 110.00 123.00 OK
r-oldrel-macos-arm64 0.5 65.00 OK
r-oldrel-macos-x86_64 0.5 124.00 OK
r-oldrel-windows-x86_64 0.5 17.00 133.00 150.00 OK

Check Details

Version: 0.5
Check: re-building of vignette outputs
Result: WARN Error(s) in re-building vignettes: ... --- re-building ‘ANOM.Rnw’ using knitr Error: processing vignette 'ANOM.Rnw' failed with diagnostics: Running 'texi2dvi' on 'ANOM.tex' failed. LaTeX errors: ! Undefined control sequence. l.108 \hlkwd{library}\hldef {(ANOM)} ? ! Emergency stop. ! Emergency stop. l.108 End of file on the terminal! ! ==> Fatal error occurred, no output PDF file produced! --- failed re-building ‘ANOM.Rnw’ SUMMARY: processing the following file failed: ‘ANOM.Rnw’ Error: Vignette re-building failed. Execution halted Flavors: r-devel-linux-x86_64-debian-clang, r-devel-linux-x86_64-debian-gcc