CRAN Package Check Results for Package ANTs

Last updated on 2022-01-23 17:48:08 CET.

Flavor Version Tinstall Tcheck Ttotal Status Flags
r-devel-linux-x86_64-debian-clang 0.0.13 734.02 159.73 893.75 OK
r-devel-linux-x86_64-debian-gcc 0.0.13 535.14 129.47 664.61 OK
r-devel-linux-x86_64-fedora-clang 0.0.13 1429.18 NOTE
r-devel-linux-x86_64-fedora-gcc 0.0.13 1299.27 OK
r-devel-windows-x86_64-new-UL 0.0.13 675.00 199.00 874.00 OK
r-devel-windows-x86_64-new-TK 0.0.13 ERROR
r-patched-linux-x86_64 0.0.13 630.73 155.73 786.46 OK
r-release-linux-x86_64 0.0.13 629.29 153.77 783.06 OK
r-release-macos-arm64 0.0.13 NOTE
r-release-macos-x86_64 0.0.13 NOTE
r-release-windows-ix86+x86_64 0.0.13 1750.00 223.00 1973.00 NOTE
r-oldrel-macos-x86_64 0.0.13 NOTE
r-oldrel-windows-ix86+x86_64 0.0.13 1718.00 227.00 1945.00 NOTE

Check Details

Version: 0.0.13
Check: installed package size
Result: NOTE
     installed size is 19.0Mb
     sub-directories of 1Mb or more:
     libs 16.9Mb
Flavors: r-devel-linux-x86_64-fedora-clang, r-release-macos-arm64, r-release-macos-x86_64, r-release-windows-ix86+x86_64, r-oldrel-macos-x86_64, r-oldrel-windows-ix86+x86_64

Version: 0.0.13
Check: package dependencies
Result: ERROR
    Package required but not available: 'lme4'
    
    See section 'The DESCRIPTION file' in the 'Writing R Extensions'
    manual.
Flavor: r-devel-windows-x86_64-new-TK