Last updated on 2023-03-24 21:59:43 CET.
Flavor | Version | Tinstall | Tcheck | Ttotal | Status | Flags |
---|---|---|---|---|---|---|
r-devel-linux-x86_64-debian-clang | 1.0.1 | 7.07 | 77.46 | 84.53 | OK | |
r-devel-linux-x86_64-debian-gcc | 1.0.1 | 6.13 | 58.33 | 64.46 | OK | |
r-devel-linux-x86_64-fedora-clang | 1.0.1 | 107.63 | NOTE | |||
r-devel-linux-x86_64-fedora-gcc | 1.0.1 | 115.53 | NOTE | |||
r-devel-windows-x86_64 | 1.0.1 | 38.00 | 151.00 | 189.00 | OK | |
r-patched-linux-x86_64 | 1.0.1 | 8.18 | 72.72 | 80.90 | OK | |
r-release-linux-x86_64 | 1.0.1 | 7.09 | 74.75 | 81.84 | OK | |
r-release-macos-arm64 | 1.0.1 | 62.00 | OK | |||
r-release-macos-x86_64 | 1.0.1 | 73.00 | OK | |||
r-release-windows-x86_64 | 1.0.1 | 19.00 | 152.00 | 171.00 | OK | |
r-oldrel-macos-arm64 | 1.0.1 | 61.00 | OK | |||
r-oldrel-macos-x86_64 | 1.0.1 | 106.00 | OK | |||
r-oldrel-windows-ix86+x86_64 | 1.0.1 | 20.00 | 189.00 | 209.00 | OK |
Version: 1.0.1
Check: compiled code
Result: NOTE
File ‘APIS/libs/APIS.so’:
Found no calls to: ‘R_registerRoutines’, ‘R_useDynamicSymbols’
It is good practice to register native routines and to disable symbol
search.
See ‘Writing portable packages’ in the ‘Writing R Extensions’ manual.
Flavors: r-devel-linux-x86_64-fedora-clang, r-devel-linux-x86_64-fedora-gcc