CRAN Package Check Results for Package APSIMBatch

Last updated on 2021-09-17 07:51:22 CEST.

Flavor Version Tinstall Tcheck Ttotal Status Flags
r-devel-linux-x86_64-debian-clang 0.1.0.2374 1.68 21.51 23.19 NOTE
r-devel-linux-x86_64-debian-gcc 0.1.0.2374 1.56 16.97 18.53 NOTE
r-devel-linux-x86_64-fedora-clang 0.1.0.2374 38.63 NOTE
r-devel-linux-x86_64-fedora-gcc 0.1.0.2374 27.07 NOTE
r-devel-windows-x86_64 0.1.0.2374 4.00 32.00 36.00 NOTE
r-devel-windows-x86_64-gcc10-UCRT 0.1.0.2374 NOTE
r-patched-linux-x86_64 0.1.0.2374 1.84 21.25 23.09 NOTE
r-patched-solaris-x86 0.1.0.2374 42.30 NOTE
r-release-linux-x86_64 0.1.0.2374 1.96 20.93 22.89 NOTE
r-release-macos-arm64 0.1.0.2374 NOTE
r-release-macos-x86_64 0.1.0.2374 NOTE
r-release-windows-ix86+x86_64 0.1.0.2374 4.00 34.00 38.00 NOTE
r-oldrel-macos-x86_64 0.1.0.2374 NOTE
r-oldrel-windows-ix86+x86_64 0.1.0.2374 4.00 33.00 37.00 NOTE

Check Details

Version: 0.1.0.2374
Check: DESCRIPTION meta-information
Result: NOTE
    Malformed Description field: should contain one or more complete sentences.
Flavors: r-devel-linux-x86_64-debian-clang, r-devel-linux-x86_64-debian-gcc, r-devel-linux-x86_64-fedora-clang, r-devel-linux-x86_64-fedora-gcc, r-devel-windows-x86_64, r-devel-windows-x86_64-gcc10-UCRT, r-patched-linux-x86_64, r-patched-solaris-x86, r-release-linux-x86_64, r-release-macos-arm64, r-release-macos-x86_64, r-release-windows-ix86+x86_64, r-oldrel-macos-x86_64, r-oldrel-windows-ix86+x86_64

Version: 0.1.0.2374
Check: R code for possible problems
Result: NOTE
    runAPSIM: warning in scan(reports_file[i], "", sep = "", skip =
     length(temp), nline = 1): partial argument match of 'nline' to
     'nlines'
    runAPSIM: no visible global function definition for 'write.table'
    runAPSIM: no visible global function definition for 'read.table'
    Undefined global functions or variables:
     read.table write.table
    Consider adding
     importFrom("utils", "read.table", "write.table")
    to your NAMESPACE file.
Flavors: r-devel-linux-x86_64-debian-clang, r-devel-linux-x86_64-debian-gcc, r-devel-linux-x86_64-fedora-clang, r-devel-linux-x86_64-fedora-gcc, r-devel-windows-x86_64, r-devel-windows-x86_64-gcc10-UCRT, r-patched-linux-x86_64, r-patched-solaris-x86, r-release-linux-x86_64, r-release-macos-arm64, r-release-macos-x86_64, r-release-windows-ix86+x86_64, r-oldrel-macos-x86_64, r-oldrel-windows-ix86+x86_64