CRAN Package Check Results for Package ARCokrig

Last updated on 2025-01-17 20:49:11 CET.

Flavor Version Tinstall Tcheck Ttotal Status Flags
r-devel-linux-x86_64-debian-clang 0.1.2 72.17 61.16 133.33 NOTE
r-devel-linux-x86_64-debian-gcc 0.1.2 56.56 45.85 102.41 NOTE
r-devel-linux-x86_64-fedora-clang 0.1.2 212.67 NOTE
r-devel-linux-x86_64-fedora-gcc 0.1.2 248.91 NOTE
r-devel-windows-x86_64 0.1.2 63.00 132.00 195.00 NOTE
r-patched-linux-x86_64 0.1.2 75.49 61.39 136.88 NOTE
r-release-linux-x86_64 0.1.2 74.30 60.75 135.05 NOTE
r-release-macos-arm64 0.1.2 54.00 NOTE
r-release-macos-x86_64 0.1.2 79.00 NOTE
r-release-windows-x86_64 0.1.2 68.00 115.00 183.00 NOTE
r-oldrel-macos-arm64 0.1.2 57.00 NOTE
r-oldrel-macos-x86_64 0.1.2 83.00 NOTE
r-oldrel-windows-x86_64 0.1.2 69.00 120.00 189.00 NOTE

Check Details

Version: 0.1.2
Check: C++ specification
Result: NOTE Specified C++11: please drop specification unless essential Flavors: r-devel-linux-x86_64-debian-clang, r-devel-linux-x86_64-debian-gcc, r-devel-linux-x86_64-fedora-clang, r-devel-linux-x86_64-fedora-gcc, r-devel-windows-x86_64, r-patched-linux-x86_64, r-release-linux-x86_64, r-release-macos-arm64, r-release-macos-x86_64, r-release-windows-x86_64, r-oldrel-macos-arm64, r-oldrel-macos-x86_64, r-oldrel-windows-x86_64

Version: 0.1.2
Check: installed package size
Result: NOTE installed size is 30.0Mb sub-directories of 1Mb or more: libs 29.7Mb Flavors: r-release-macos-arm64, r-release-macos-x86_64, r-oldrel-macos-arm64, r-oldrel-macos-x86_64