CRAN Package Check Results for Package ARCokrig

Last updated on 2022-08-19 07:49:45 CEST.

Flavor Version Tinstall Tcheck Ttotal Status Flags
r-devel-linux-x86_64-debian-clang 0.1.2 80.67 83.20 163.87 OK
r-devel-linux-x86_64-debian-gcc 0.1.2 59.17 62.02 121.19 OK
r-devel-linux-x86_64-fedora-clang 0.1.2 206.95 OK
r-devel-linux-x86_64-fedora-gcc 0.1.2 212.27 OK
r-devel-windows-x86_64 0.1.2 63.00 122.00 185.00 OK
r-patched-linux-x86_64 0.1.2 64.37 78.38 142.75 OK
r-release-linux-x86_64 0.1.2 OK
r-release-macos-arm64 0.1.2 52.00 NOTE
r-release-macos-x86_64 0.1.2 70.00 NOTE
r-release-windows-x86_64 0.1.2 62.00 119.00 181.00 OK
r-oldrel-macos-arm64 0.1.2 45.00 NOTE
r-oldrel-macos-x86_64 0.1.2 66.00 NOTE
r-oldrel-windows-ix86+x86_64 0.1.2 158.00 141.00 299.00 OK

Check Details

Version: 0.1.2
Check: installed package size
Result: NOTE
     installed size is 18.2Mb
     sub-directories of 1Mb or more:
     libs 17.9Mb
Flavors: r-release-macos-arm64, r-release-macos-x86_64, r-oldrel-macos-arm64, r-oldrel-macos-x86_64