CRAN Package Check Results for Package ARTP2

Last updated on 2020-12-02 09:51:07 CET.

Flavor Version Tinstall Tcheck Ttotal Status Flags
r-devel-linux-x86_64-debian-clang 0.9.45 33.25 70.03 103.28 NOTE
r-devel-linux-x86_64-debian-gcc 0.9.45 18.84 55.34 74.18 NOTE
r-devel-linux-x86_64-fedora-clang 0.9.45 141.40 NOTE
r-devel-linux-x86_64-fedora-gcc 0.9.45 115.14 NOTE
r-devel-windows-ix86+x86_64 0.9.45 49.00 113.00 162.00 NOTE
r-patched-linux-x86_64 0.9.45 21.34 65.96 87.30 NOTE
r-patched-solaris-x86 0.9.45 160.50 NOTE
r-release-linux-x86_64 0.9.45 22.01 66.05 88.06 NOTE
r-release-macos-x86_64 0.9.45 NOTE
r-release-windows-ix86+x86_64 0.9.45 50.00 92.00 142.00 NOTE
r-oldrel-macos-x86_64 0.9.45 NOTE
r-oldrel-windows-ix86+x86_64 0.9.45 40.00 111.00 151.00 NOTE

Check Details

Version: 0.9.45
Check: package dependencies
Result: NOTE
    Package which this enhances but not available for checking: 'ARTP'
Flavors: r-devel-linux-x86_64-debian-clang, r-devel-linux-x86_64-debian-gcc, r-devel-linux-x86_64-fedora-clang, r-devel-linux-x86_64-fedora-gcc, r-patched-linux-x86_64, r-patched-solaris-x86, r-release-linux-x86_64, r-release-macos-x86_64

Version: 0.9.45
Check: installed package size
Result: NOTE
     installed size is 6.5Mb
     sub-directories of 1Mb or more:
     extdata 3.7Mb
     libs 1.6Mb
Flavors: r-devel-linux-x86_64-fedora-clang, r-devel-windows-ix86+x86_64, r-patched-solaris-x86, r-release-macos-x86_64, r-release-windows-ix86+x86_64, r-oldrel-macos-x86_64, r-oldrel-windows-ix86+x86_64