CRAN Package Check Results for Package AWR.KMS

Last updated on 2019-09-23 14:47:17 CEST.

Flavor Version Tinstall Tcheck Ttotal Status Flags
r-devel-linux-x86_64-debian-clang 0.1 3.62 31.52 35.14 OK
r-devel-linux-x86_64-debian-gcc 0.1 2.79 24.96 27.75 OK
r-devel-linux-x86_64-fedora-clang 0.1 42.55 OK
r-devel-linux-x86_64-fedora-gcc 0.1 43.02 OK
r-devel-windows-ix86+x86_64 0.1 7.00 7.00 14.00 ERROR
r-patched-linux-x86_64 0.1 3.34 30.59 33.93 OK
r-patched-solaris-x86 0.1 58.60 OK
r-release-linux-x86_64 0.1 3.36 31.07 34.43 OK
r-release-windows-ix86+x86_64 0.1 13.00 62.00 75.00 OK
r-release-osx-x86_64 0.1 OK
r-oldrel-windows-ix86+x86_64 0.1 4.00 42.00 46.00 OK
r-oldrel-osx-x86_64 0.1 OK

Check Details

Version: 0.1
Check: whether package can be installed
Result: ERROR
    Installation failed.
Flavor: r-devel-windows-ix86+x86_64