CRAN Package Check Results for Package AbSim

Last updated on 2020-02-21 00:49:34 CET.

Flavor Version Tinstall Tcheck Ttotal Status Flags
r-devel-linux-x86_64-debian-clang 0.2.6 6.14 49.45 55.59 OK
r-devel-linux-x86_64-debian-gcc 0.2.6 4.69 37.34 42.03 OK
r-devel-linux-x86_64-fedora-clang 0.2.6 67.61 OK
r-devel-linux-x86_64-fedora-gcc 0.2.6 66.83 OK
r-devel-windows-ix86+x86_64 0.2.6 13.00 58.00 71.00 WARN
r-devel-windows-ix86+x86_64-gcc8 0.2.6 17.00 84.00 101.00 OK
r-patched-linux-x86_64 0.2.6 5.09 40.77 45.86 WARN
r-patched-solaris-x86 0.2.6 86.20 OK
r-release-linux-x86_64 0.2.6 5.22 42.20 47.42 OK
r-release-windows-ix86+x86_64 0.2.6 11.00 60.00 71.00 OK
r-release-osx-x86_64 0.2.6 OK
r-oldrel-windows-ix86+x86_64 0.2.6 7.00 52.00 59.00 OK
r-oldrel-osx-x86_64 0.2.6 OK

Check Details

Version: 0.2.6
Check: re-building of vignette outputs
Result: WARN
    Error(s) in re-building vignettes:
    --- re-building 'vignette.Rmd' using rmarkdown
    Quitting from lines 78-85 (vignette.Rmd)
    Error: processing vignette 'vignette.Rmd' failed with diagnostics:
    subscript out of bounds
    --- failed re-building 'vignette.Rmd'
    
    SUMMARY: processing the following file failed:
     'vignette.Rmd'
    
    Error: Vignette re-building failed.
    Execution halted
Flavor: r-devel-windows-ix86+x86_64

Version: 0.2.6
Check: re-building of vignette outputs
Result: WARN
    Error(s) in re-building vignettes:
     ...
    --- re-building ‘vignette.Rmd’ using rmarkdown
    Quitting from lines 78-85 (vignette.Rmd)
    Error: processing vignette 'vignette.Rmd' failed with diagnostics:
    subscript out of bounds
    --- failed re-building ‘vignette.Rmd’
    
    SUMMARY: processing the following file failed:
     ‘vignette.Rmd’
    
    Error: Vignette re-building failed.
    Execution halted
Flavor: r-patched-linux-x86_64