CRAN Package Check Results for Package AbSim

Last updated on 2019-09-18 19:46:20 CEST.

Flavor Version Tinstall Tcheck Ttotal Status Flags
r-devel-linux-x86_64-debian-clang 0.2.6 6.05 41.65 47.70 OK
r-devel-linux-x86_64-debian-gcc 0.2.6 4.74 33.90 38.64 OK
r-devel-linux-x86_64-fedora-clang 0.2.6 58.31 OK
r-devel-linux-x86_64-fedora-gcc 0.2.6 57.07 OK
r-devel-windows-ix86+x86_64 0.2.6 18.00 57.00 75.00 OK
r-patched-linux-x86_64 0.2.6 4.91 40.15 45.06 WARN
r-patched-solaris-x86 0.2.6 84.50 OK
r-release-linux-x86_64 0.2.6 5.74 41.65 47.39 OK
r-release-windows-ix86+x86_64 0.2.6 11.00 52.00 63.00 WARN
r-release-osx-x86_64 0.2.6 OK
r-oldrel-windows-ix86+x86_64 0.2.6 6.00 52.00 58.00 OK
r-oldrel-osx-x86_64 0.2.6 OK

Check Details

Version: 0.2.6
Check: re-building of vignette outputs
Result: WARN
    Error(s) in re-building vignettes:
     ...
    --- re-building ‘vignette.Rmd’ using rmarkdown
    Quitting from lines 78-85 (vignette.Rmd)
    Error: processing vignette 'vignette.Rmd' failed with diagnostics:
    subscript out of bounds
    --- failed re-building ‘vignette.Rmd’
    
    SUMMARY: processing the following file failed:
     ‘vignette.Rmd’
    
    Error: Vignette re-building failed.
    Execution halted
Flavor: r-patched-linux-x86_64

Version: 0.2.6
Check: re-building of vignette outputs
Result: WARN
    Error(s) in re-building vignettes:
    --- re-building 'vignette.Rmd' using rmarkdown
    Quitting from lines 78-85 (vignette.Rmd)
    Error: processing vignette 'vignette.Rmd' failed with diagnostics:
    subscript out of bounds
    --- failed re-building 'vignette.Rmd'
    
    SUMMARY: processing the following file failed:
     'vignette.Rmd'
    
    Error: Vignette re-building failed.
    Execution halted
Flavor: r-release-windows-ix86+x86_64