CRAN Package Check Results for Package AbSim

Last updated on 2021-01-27 13:48:40 CET.

Flavor Version Tinstall Tcheck Ttotal Status Flags
r-devel-linux-x86_64-debian-clang 0.2.6 4.90 42.63 47.53 OK
r-devel-linux-x86_64-debian-gcc 0.2.6 OK
r-devel-linux-x86_64-fedora-clang 0.2.6 64.54 WARN
r-devel-linux-x86_64-fedora-gcc 0.2.6 60.94 OK
r-devel-windows-ix86+x86_64 0.2.6 11.00 59.00 70.00 OK
r-patched-linux-x86_64 0.2.6 4.65 40.03 44.68 OK
r-patched-solaris-x86 0.2.6 82.90 OK
r-release-linux-x86_64 0.2.6 5.14 40.50 45.64 OK
r-release-macos-x86_64 0.2.6 WARN
r-release-windows-ix86+x86_64 0.2.6 11.00 45.00 56.00 OK
r-oldrel-macos-x86_64 0.2.6 OK
r-oldrel-windows-ix86+x86_64 0.2.6 7.00 50.00 57.00 OK

Check Details

Version: 0.2.6
Check: re-building of vignette outputs
Result: WARN
    Error(s) in re-building vignettes:
    --- re-building ‘vignette.Rmd’ using rmarkdown
    Quitting from lines 78-85 (vignette.Rmd)
    Error: processing vignette 'vignette.Rmd' failed with diagnostics:
    subscript out of bounds
    --- failed re-building ‘vignette.Rmd’
    
    SUMMARY: processing the following file failed:
     ‘vignette.Rmd’
    
    Error: Vignette re-building failed.
    Execution halted
Flavor: r-devel-linux-x86_64-fedora-clang

Version: 0.2.6
Check: re-building of vignette outputs
Result: WARN
    Error(s) in re-building vignettes:
     ...
    --- re-building ‘vignette.Rmd’ using rmarkdown
    Warning in engine$weave(file, quiet = quiet, encoding = enc) :
     Pandoc (>= 1.12.3) and/or pandoc-citeproc not available. Falling back to R Markdown v1.
    Quitting from lines 78-85 (vignette.Rmd)
    Error: processing vignette 'vignette.Rmd' failed with diagnostics:
    subscript out of bounds
    --- failed re-building ‘vignette.Rmd’
    
    SUMMARY: processing the following file failed:
     ‘vignette.Rmd’
    
    Error: Vignette re-building failed.
    Execution halted
Flavor: r-release-macos-x86_64