CRAN Package Check Results for Package AdapSamp

Last updated on 2023-03-23 02:49:36 CET.

Flavor Version Tinstall Tcheck Ttotal Status Flags
r-devel-linux-x86_64-debian-clang 1.1.1 2.65 32.23 34.88 NOTE
r-devel-linux-x86_64-debian-gcc 1.1.1 2.17 25.00 27.17 NOTE
r-devel-linux-x86_64-fedora-clang 1.1.1 46.68 NOTE
r-devel-linux-x86_64-fedora-gcc 1.1.1 41.78 NOTE
r-devel-windows-x86_64 1.1.1 12.00 63.00 75.00 NOTE
r-patched-linux-x86_64 1.1.1 2.18 32.73 34.91 NOTE
r-release-linux-x86_64 1.1.1 2.51 32.29 34.80 NOTE
r-release-macos-arm64 1.1.1 18.00 NOTE
r-release-macos-x86_64 1.1.1 27.00 NOTE
r-release-windows-x86_64 1.1.1 13.00 64.00 77.00 NOTE
r-oldrel-macos-arm64 1.1.1 22.00 NOTE
r-oldrel-macos-x86_64 1.1.1 32.00 NOTE
r-oldrel-windows-ix86+x86_64 1.1.1 6.00 60.00 66.00 NOTE

Check Details

Version: 1.1.1
Check: LazyData
Result: NOTE
     'LazyData' is specified without a 'data' directory
Flavors: r-devel-linux-x86_64-debian-clang, r-devel-linux-x86_64-debian-gcc, r-devel-linux-x86_64-fedora-clang, r-devel-linux-x86_64-fedora-gcc, r-devel-windows-x86_64, r-patched-linux-x86_64, r-release-linux-x86_64, r-release-macos-arm64, r-release-macos-x86_64, r-release-windows-x86_64, r-oldrel-macos-arm64, r-oldrel-macos-x86_64, r-oldrel-windows-ix86+x86_64