CRAN Package Check Results for Package AdaptFitOS

Last updated on 2020-12-02 00:47:59 CET.

Flavor Version Tinstall Tcheck Ttotal Status Flags
r-devel-linux-x86_64-debian-clang 0.67 17.65 89.97 107.62 OK
r-devel-linux-x86_64-debian-gcc 0.67 11.55 68.48 80.03 OK
r-devel-linux-x86_64-fedora-clang 0.67 145.47 NOTE
r-devel-linux-x86_64-fedora-gcc 0.67 123.70 OK
r-devel-windows-ix86+x86_64 0.67 29.00 145.00 174.00 OK
r-patched-linux-x86_64 0.67 14.08 82.35 96.43 OK
r-patched-solaris-x86 0.67 174.20 OK
r-release-linux-x86_64 0.67 13.67 84.01 97.68 OK
r-release-macos-x86_64 0.67 OK
r-release-windows-ix86+x86_64 0.67 32.00 114.00 146.00 OK
r-oldrel-macos-x86_64 0.67 OK
r-oldrel-windows-ix86+x86_64 0.67 24.00 131.00 155.00 OK

Check Details

Version: 0.67
Check: Rd cross-references
Result: NOTE
    Undeclared packages ‘locfit’, ‘AdaptFit’ in Rd xrefs
Flavor: r-devel-linux-x86_64-fedora-clang