CRAN Package Check Results for Package AdhereR

Last updated on 2020-12-04 01:50:56 CET.

Flavor Version Tinstall Tcheck Ttotal Status Flags
r-devel-linux-x86_64-debian-clang 0.6.1 17.55 98.61 116.16 OK
r-devel-linux-x86_64-debian-gcc 0.6.1 15.36 72.23 87.59 OK
r-devel-linux-x86_64-fedora-clang 0.6.1 145.24 OK
r-devel-linux-x86_64-fedora-gcc 0.6.1 135.45 OK
r-devel-windows-ix86+x86_64 0.6.1 29.00 108.00 137.00 OK
r-patched-linux-x86_64 0.6.1 15.34 89.98 105.32 OK
r-patched-solaris-x86 0.6.1 153.70 NOTE
r-release-linux-x86_64 0.6.1 15.72 89.15 104.87 OK
r-release-macos-x86_64 0.6.1 OK
r-release-windows-ix86+x86_64 0.6.1 22.00 105.00 127.00 OK
r-oldrel-macos-x86_64 0.6.1 NOTE
r-oldrel-windows-ix86+x86_64 0.6.1 20.00 108.00 128.00 OK

Check Details

Version: 0.6.1
Check: package dependencies
Result: NOTE
    Packages suggested but not available for checking: 'rsvg', 'AdhereRViz'
Flavor: r-patched-solaris-x86

Version: 0.6.1
Check: installed package size
Result: NOTE
     installed size is 5.5Mb
     sub-directories of 1Mb or more:
     doc 3.2Mb
Flavor: r-patched-solaris-x86

Version: 0.6.1
Check: package dependencies
Result: NOTE
    Package suggested but not available for checking: ‘AdhereRViz’
Flavor: r-oldrel-macos-x86_64