Last updated on 2022-08-09 01:53:45 CEST.
Flavor | Version | Tinstall | Tcheck | Ttotal | Status | Flags |
---|---|---|---|---|---|---|
r-devel-linux-x86_64-debian-clang | 0.8.1 | 23.02 | 128.73 | 151.75 | OK | |
r-devel-linux-x86_64-debian-gcc | 0.8.1 | 17.79 | 92.56 | 110.35 | OK | |
r-devel-linux-x86_64-fedora-clang | 0.8.1 | 192.73 | NOTE | |||
r-devel-linux-x86_64-fedora-gcc | 0.8.1 | 174.63 | OK | |||
r-devel-windows-x86_64 | 0.8.1 | 92.00 | 143.00 | 235.00 | NOTE | |
r-patched-linux-x86_64 | 0.8.1 | 18.22 | 113.20 | 131.42 | OK | |
r-release-linux-x86_64 | 0.8.1 | OK | ||||
r-release-macos-arm64 | 0.8.1 | 45.00 | NOTE | |||
r-release-macos-x86_64 | 0.8.1 | 63.00 | NOTE | |||
r-release-windows-x86_64 | 0.8.1 | 51.00 | 135.00 | 186.00 | NOTE | |
r-oldrel-macos-arm64 | 0.8.1 | 44.00 | NOTE | |||
r-oldrel-macos-x86_64 | 0.8.1 | 65.00 | NOTE | |||
r-oldrel-windows-ix86+x86_64 | 0.8.1 | 34.00 | 133.00 | 167.00 | NOTE |
Version: 0.8.1
Check: installed package size
Result: NOTE
installed size is 6.2Mb
sub-directories of 1Mb or more:
doc 3.7Mb
Flavors: r-devel-linux-x86_64-fedora-clang, r-devel-windows-x86_64, r-release-macos-arm64, r-release-macos-x86_64, r-release-windows-x86_64, r-oldrel-macos-arm64, r-oldrel-macos-x86_64, r-oldrel-windows-ix86+x86_64