CRAN Package Check Results for Package AdhereR

Last updated on 2024-02-27 16:49:09 CET.

Flavor Version Tinstall Tcheck Ttotal Status Flags
r-devel-linux-x86_64-debian-clang 0.8.1 18.36 133.56 151.92 NOTE
r-devel-linux-x86_64-debian-gcc 0.8.1 18.21 98.29 116.50 NOTE
r-devel-linux-x86_64-fedora-clang 0.8.1 192.87 NOTE
r-devel-linux-x86_64-fedora-gcc 0.8.1 205.30 NOTE
r-devel-windows-x86_64 0.8.1 18.00 131.00 149.00 NOTE
r-patched-linux-x86_64 0.8.1 25.72 131.27 156.99 OK
r-release-linux-x86_64 0.8.1 21.37 128.60 149.97 OK
r-release-macos-arm64 0.8.1 61.00 NOTE
r-release-macos-x86_64 0.8.1 98.00 NOTE
r-release-windows-x86_64 0.8.1 24.00 140.00 164.00 NOTE
r-oldrel-macos-arm64 0.8.1 53.00 NOTE
r-oldrel-windows-x86_64 0.8.1 24.00 120.00 144.00 NOTE

Check Details

Version: 0.8.1
Check: Rd files
Result: NOTE checkRd: (-1) med.groups.Rd:20: Lost braces; missing escapes or markup? 20 | medication groups using the construction \emph{"{NAME}"}. | ^ checkRd: (-1) med.groups.Rd:26: Lost braces; missing escapes or markup? 26 | Another example is "NotVita" defined as "(!{Vitamines})", which selects all | ^ Flavors: r-devel-linux-x86_64-debian-clang, r-devel-linux-x86_64-debian-gcc, r-devel-linux-x86_64-fedora-clang, r-devel-linux-x86_64-fedora-gcc

Version: 0.8.1
Check: installed package size
Result: NOTE installed size is 6.2Mb sub-directories of 1Mb or more: doc 3.7Mb Flavors: r-devel-linux-x86_64-fedora-clang, r-devel-windows-x86_64, r-release-macos-arm64, r-release-macos-x86_64, r-release-windows-x86_64, r-oldrel-macos-arm64, r-oldrel-windows-x86_64