CRAN Package Check Results for Package AggregateR

Last updated on 2022-12-09 14:52:30 CET.

Flavor Version Tinstall Tcheck Ttotal Status Flags
r-devel-linux-x86_64-debian-clang 0.1.1 4.93 45.72 50.65 NOTE
r-devel-linux-x86_64-debian-gcc 0.1.1 3.95 35.06 39.01 NOTE
r-devel-linux-x86_64-fedora-clang 0.1.1 77.49 NOTE
r-devel-linux-x86_64-fedora-gcc 0.1.1 69.64 NOTE
r-devel-windows-x86_64 0.1.1 15.00 77.00 92.00 NOTE
r-patched-linux-x86_64 0.1.1 4.61 43.40 48.01 NOTE
r-release-linux-x86_64 0.1.1 4.99 43.19 48.18 NOTE
r-release-macos-arm64 0.1.1 22.00 NOTE
r-release-macos-x86_64 0.1.1 31.00 NOTE
r-release-windows-x86_64 0.1.1 16.00 76.00 92.00 NOTE
r-oldrel-macos-arm64 0.1.1 26.00 NOTE
r-oldrel-macos-x86_64 0.1.1 37.00 NOTE
r-oldrel-windows-ix86+x86_64 0.1.1 10.00 70.00 80.00 NOTE

Check Details

Version: 0.1.1
Check: LazyData
Result: NOTE
     'LazyData' is specified without a 'data' directory
Flavors: r-devel-linux-x86_64-debian-clang, r-devel-linux-x86_64-debian-gcc, r-devel-linux-x86_64-fedora-clang, r-devel-linux-x86_64-fedora-gcc, r-devel-windows-x86_64, r-patched-linux-x86_64, r-release-linux-x86_64, r-release-macos-arm64, r-release-macos-x86_64, r-release-windows-x86_64, r-oldrel-macos-arm64, r-oldrel-macos-x86_64, r-oldrel-windows-ix86+x86_64