CRAN Package Check Results for Package AgroReg

Last updated on 2022-06-26 11:17:10 CEST.

Flavor Version Tinstall Tcheck Ttotal Status Flags
r-devel-linux-x86_64-debian-clang 1.2.5 25.49 204.88 230.37 NOTE
r-devel-linux-x86_64-debian-gcc 1.2.5 21.39 147.84 169.23 NOTE
r-devel-linux-x86_64-fedora-clang 1.2.5 301.63 WARN
r-devel-linux-x86_64-fedora-gcc 1.2.5 277.14 WARN
r-devel-windows-x86_64 1.2.5 51.00 222.00 273.00 NOTE
r-patched-linux-x86_64 1.2.5 26.08 192.11 218.19 OK
r-release-linux-x86_64 1.2.5 23.74 189.25 212.99 OK
r-release-macos-arm64 1.2.5 70.00 OK
r-release-macos-x86_64 1.2.5 96.00 OK
r-release-windows-x86_64 1.2.5 55.00 223.00 278.00 OK
r-oldrel-macos-arm64 1.2.5 70.00 OK
r-oldrel-macos-x86_64 1.2.5 92.00 OK
r-oldrel-windows-ix86+x86_64 1.2.5 50.00 227.00 277.00 OK

Check Details

Version: 1.2.5
Check: Rd files
Result: NOTE
    checkRd: (-1) GP.Rd:113: Escaped LaTeX specials: \&
    checkRd: (-1) asymptotic.Rd:97: Escaped LaTeX specials: \&
Flavors: r-devel-linux-x86_64-debian-clang, r-devel-linux-x86_64-debian-gcc, r-devel-linux-x86_64-fedora-clang, r-devel-linux-x86_64-fedora-gcc, r-devel-windows-x86_64

Version: 1.2.5
Check: package dependencies
Result: WARN
    Requires (indirectly) orphaned package: ‘gtools’
Flavors: r-devel-linux-x86_64-fedora-clang, r-devel-linux-x86_64-fedora-gcc