CRAN Package Check Results for Package AirSensor

Last updated on 2020-12-02 00:47:59 CET.

Flavor Version Tinstall Tcheck Ttotal Status Flags
r-devel-linux-x86_64-debian-clang 1.0.2 19.10 159.20 178.30 OK
r-devel-linux-x86_64-debian-gcc 1.0.2 13.67 118.11 131.78 OK
r-devel-linux-x86_64-fedora-clang 1.0.2 216.19 NOTE
r-devel-linux-x86_64-fedora-gcc 1.0.2 209.19 NOTE
r-devel-windows-ix86+x86_64 1.0.2 26.00 215.00 241.00 OK
r-patched-linux-x86_64 1.0.2 10.53 151.33 161.86 OK
r-patched-solaris-x86 1.0.2 251.70 NOTE
r-release-linux-x86_64 1.0.2 10.15 152.20 162.35 OK
r-release-macos-x86_64 1.0.2 NOTE
r-release-windows-ix86+x86_64 1.0.2 19.00 167.00 186.00 OK
r-oldrel-macos-x86_64 1.0.2 NOTE
r-oldrel-windows-ix86+x86_64 1.0.2 22.00 219.00 241.00 OK

Check Details

Version: 1.0.2
Check: package dependencies
Result: NOTE
    Imports includes 34 non-default packages.
    Importing from so many packages makes the package vulnerable to any of
    them becoming unavailable. Move as many as possible to Suggests and
    use conditionally.
Flavor: r-devel-linux-x86_64-fedora-clang

Version: 1.0.2
Check: data for non-ASCII characters
Result: NOTE
     Note: found 90 marked UTF-8 strings
Flavors: r-devel-linux-x86_64-fedora-clang, r-devel-linux-x86_64-fedora-gcc, r-patched-solaris-x86, r-release-macos-x86_64, r-oldrel-macos-x86_64