CRAN Package Check Results for Package AlgDesign

Last updated on 2020-12-04 01:50:56 CET.

Flavor Version Tinstall Tcheck Ttotal Status Flags
r-devel-linux-x86_64-debian-clang 1.2.0 10.14 39.90 50.04 OK
r-devel-linux-x86_64-debian-gcc 1.2.0 5.49 31.38 36.87 OK
r-devel-linux-x86_64-fedora-clang 1.2.0 75.93 NOTE
r-devel-linux-x86_64-fedora-gcc 1.2.0 56.98 NOTE
r-devel-windows-ix86+x86_64 1.2.0 17.00 60.00 77.00 OK
r-patched-linux-x86_64 1.2.0 6.50 38.24 44.74 OK
r-patched-solaris-x86 1.2.0 85.50 OK
r-release-linux-x86_64 1.2.0 6.50 38.93 45.43 OK
r-release-macos-x86_64 1.2.0 OK
r-release-windows-ix86+x86_64 1.2.0 16.00 63.00 79.00 OK
r-oldrel-macos-x86_64 1.2.0 OK
r-oldrel-windows-ix86+x86_64 1.2.0 23.00 77.00 100.00 OK

Check Details

Version: 1.2.0
Check: compiled code
Result: NOTE
    File ‘AlgDesign/libs/AlgDesign.so’:
     Found no calls to: ‘R_registerRoutines’, ‘R_useDynamicSymbols’
    
    It is good practice to register native routines and to disable symbol
    search.
    
    See ‘Writing portable packages’ in the ‘Writing R Extensions’ manual.
Flavors: r-devel-linux-x86_64-fedora-clang, r-devel-linux-x86_64-fedora-gcc