Last updated on 2022-06-28 10:49:00 CEST.
Flavor | Version | Tinstall | Tcheck | Ttotal | Status | Flags |
---|---|---|---|---|---|---|
r-devel-linux-x86_64-debian-clang | 0.9.3 | 29.65 | 115.38 | 145.03 | OK | |
r-devel-linux-x86_64-debian-gcc | 0.9.3 | 24.31 | 84.72 | 109.03 | OK | |
r-devel-linux-x86_64-fedora-clang | 0.9.3 | 190.96 | WARN | |||
r-devel-linux-x86_64-fedora-gcc | 0.9.3 | 178.35 | WARN | |||
r-devel-windows-x86_64 | 0.9.3 | 58.00 | 155.00 | 213.00 | OK | |
r-patched-linux-x86_64 | 0.9.3 | 26.58 | 106.03 | 132.61 | OK | |
r-release-linux-x86_64 | 0.9.3 | 25.97 | 107.21 | 133.18 | OK | |
r-release-macos-arm64 | 0.9.3 | 50.00 | OK | |||
r-release-macos-x86_64 | 0.9.3 | 71.00 | OK | |||
r-release-windows-x86_64 | 0.9.3 | 62.00 | 159.00 | 221.00 | OK | |
r-oldrel-macos-arm64 | 0.9.3 | 44.00 | OK | |||
r-oldrel-macos-x86_64 | 0.9.3 | 67.00 | OK | |||
r-oldrel-windows-ix86+x86_64 | 0.9.3 | 76.00 | 177.00 | 253.00 | OK |
Version: 0.9.3
Check: package dependencies
Result: WARN
Requires (indirectly) orphaned package: ‘gtools’
Flavors: r-devel-linux-x86_64-fedora-clang, r-devel-linux-x86_64-fedora-gcc