CRAN Package Check Results for Package Amelia

Last updated on 2020-12-04 00:48:16 CET.

Flavor Version Tinstall Tcheck Ttotal Status Flags
r-devel-linux-x86_64-debian-clang 1.7.6 43.26 74.33 117.59 NOTE
r-devel-linux-x86_64-debian-gcc 1.7.6 30.62 57.56 88.18 NOTE
r-devel-linux-x86_64-fedora-clang 1.7.6 167.83 NOTE
r-devel-linux-x86_64-fedora-gcc 1.7.6 143.83 NOTE
r-devel-windows-ix86+x86_64 1.7.6 89.00 128.00 217.00 OK
r-patched-linux-x86_64 1.7.6 32.42 70.59 103.01 NOTE
r-patched-solaris-x86 1.7.6 162.60 NOTE
r-release-linux-x86_64 1.7.6 38.50 70.84 109.34 NOTE
r-release-macos-x86_64 1.7.6 NOTE
r-release-windows-ix86+x86_64 1.7.6 68.00 135.00 203.00 OK
r-oldrel-macos-x86_64 1.7.6 NOTE
r-oldrel-windows-ix86+x86_64 1.7.6 68.00 127.00 195.00 OK

Check Details

Version: 1.7.6
Check: package dependencies
Result: NOTE
    Package suggested but not available for checking: 'Zelig'
Flavors: r-devel-linux-x86_64-debian-clang, r-devel-linux-x86_64-debian-gcc, r-devel-linux-x86_64-fedora-clang, r-devel-linux-x86_64-fedora-gcc, r-patched-linux-x86_64, r-patched-solaris-x86, r-release-linux-x86_64, r-release-macos-x86_64

Version: 1.7.6
Check: installed package size
Result: NOTE
     installed size is 5.2Mb
     sub-directories of 1Mb or more:
     libs 3.8Mb
Flavors: r-release-macos-x86_64, r-oldrel-macos-x86_64

Version: 1.7.6
Check: dependencies in R code
Result: NOTE
    No protocol specified
    No protocol specified
Flavor: r-oldrel-macos-x86_64