CRAN Package Check Results for Package AmericanCallOpt

Last updated on 2020-12-02 00:47:59 CET.

Flavor Version Tinstall Tcheck Ttotal Status Flags
r-devel-linux-x86_64-debian-clang 0.95 2.59 22.73 25.32 NOTE
r-devel-linux-x86_64-debian-gcc 0.95 1.74 17.93 19.67 NOTE
r-devel-linux-x86_64-fedora-clang 0.95 38.00 NOTE
r-devel-linux-x86_64-fedora-gcc 0.95 28.23 NOTE
r-devel-windows-ix86+x86_64 0.95 5.00 32.00 37.00 NOTE
r-patched-linux-x86_64 0.95 1.88 22.30 24.18 NOTE
r-patched-solaris-x86 0.95 43.60 NOTE
r-release-linux-x86_64 0.95 2.15 22.09 24.24 NOTE
r-release-macos-x86_64 0.95 NOTE
r-release-windows-ix86+x86_64 0.95 4.00 34.00 38.00 NOTE
r-oldrel-macos-x86_64 0.95 NOTE
r-oldrel-windows-ix86+x86_64 0.95 5.00 37.00 42.00 NOTE

Check Details

Version: 0.95
Check: DESCRIPTION meta-information
Result: NOTE
    Malformed Title field: should not end in a period.
Flavors: r-devel-linux-x86_64-debian-clang, r-devel-linux-x86_64-debian-gcc, r-devel-linux-x86_64-fedora-clang, r-devel-linux-x86_64-fedora-gcc, r-devel-windows-ix86+x86_64, r-patched-linux-x86_64, r-patched-solaris-x86, r-release-linux-x86_64, r-release-macos-x86_64, r-release-windows-ix86+x86_64, r-oldrel-macos-x86_64, r-oldrel-windows-ix86+x86_64