CRAN Package Check Results for Package AnnoProbe

Last updated on 2022-06-30 10:52:36 CEST.

Flavor Version Tinstall Tcheck Ttotal Status Flags
r-devel-linux-x86_64-debian-clang 0.1.6 16.55 83.71 100.26 OK
r-devel-linux-x86_64-debian-gcc 0.1.6 13.01 63.53 76.54 OK
r-devel-linux-x86_64-fedora-clang 0.1.6 132.06 OK
r-devel-linux-x86_64-fedora-gcc 0.1.6 127.56 OK
r-devel-windows-x86_64 0.1.6 28.00 106.00 134.00 OK
r-patched-linux-x86_64 0.1.6 15.34 80.43 95.77 ERROR
r-release-linux-x86_64 0.1.6 16.46 80.95 97.41 OK
r-release-macos-arm64 0.1.6 46.00 OK
r-release-macos-x86_64 0.1.6 76.00 OK
r-release-windows-x86_64 0.1.6 27.00 109.00 136.00 OK
r-oldrel-macos-arm64 0.1.6 48.00 NOTE
r-oldrel-macos-x86_64 0.1.6 59.00 OK
r-oldrel-windows-ix86+x86_64 0.1.6 35.00 103.00 138.00 OK

Check Details

Version: 0.1.6
Check: examples
Result: ERROR
    Running examples in ‘AnnoProbe-Ex.R’ failed
    The error most likely occurred in:
    
    > base::assign(".ptime", proc.time(), pos = "CheckExEnv")
    > ### Name: idmap
    > ### Title: Get Probe Annotation
    > ### Aliases: idmap
    >
    > ### ** Examples
    >
    > ids=idmap('GPL570',destdir=tempdir())
    trying URL 'http://49.235.27.111/GEOmirror/GPL/GPL570_bioc.rda'
    Warning in download.file(paste0(up, down), dt, mode = "wb") :
     URL 'http://49.235.27.111/GEOmirror/GPL/GPL570_bioc.rda': Timeout of 60 seconds was reached
    Error in download.file(paste0(up, down), dt, mode = "wb") :
     cannot open URL 'http://49.235.27.111/GEOmirror/GPL/GPL570_bioc.rda'
    Calls: idmap -> download.file
    Execution halted
Flavor: r-patched-linux-x86_64

Version: 0.1.6
Check: package dependencies
Result: NOTE
    Package suggested but not available for checking: ‘GEOquery’
Flavor: r-oldrel-macos-arm64