CRAN Package Check Results for Package AntWeb

Last updated on 2020-12-02 00:47:59 CET.

Flavor Version Tinstall Tcheck Ttotal Status Flags
r-devel-linux-x86_64-debian-clang 0.7 3.90 27.81 31.71 NOTE
r-devel-linux-x86_64-debian-gcc 0.7 3.29 23.04 26.33 NOTE
r-devel-linux-x86_64-fedora-clang 0.7 46.59 NOTE
r-devel-linux-x86_64-fedora-gcc 0.7 36.34 NOTE
r-devel-windows-ix86+x86_64 0.7 7.00 46.00 53.00 NOTE
r-patched-linux-x86_64 0.7 3.32 27.19 30.51 NOTE
r-patched-solaris-x86 0.7 57.00 NOTE
r-release-linux-x86_64 0.7 3.67 27.60 31.27 NOTE
r-release-macos-x86_64 0.7 NOTE
r-release-windows-ix86+x86_64 0.7 6.00 37.00 43.00 NOTE
r-oldrel-macos-x86_64 0.7 NOTE
r-oldrel-windows-ix86+x86_64 0.7 5.00 45.00 50.00 NOTE

Check Details

Version: 0.7
Check: R code for possible problems
Result: NOTE
    aw_map: no visible global function definition for 'browseURL'
    Undefined global functions or variables:
     browseURL
    Consider adding
     importFrom("utils", "browseURL")
    to your NAMESPACE file.
Flavors: r-devel-linux-x86_64-debian-clang, r-devel-linux-x86_64-debian-gcc, r-devel-linux-x86_64-fedora-clang, r-devel-linux-x86_64-fedora-gcc, r-devel-windows-ix86+x86_64, r-patched-linux-x86_64, r-patched-solaris-x86, r-release-linux-x86_64, r-release-macos-x86_64, r-release-windows-ix86+x86_64, r-oldrel-macos-x86_64, r-oldrel-windows-ix86+x86_64