CRAN Package Check Results for Package ArfimaMLM

Last updated on 2019-09-23 05:46:47 CEST.

Flavor Version Tinstall Tcheck Ttotal Status Flags
r-devel-linux-x86_64-debian-clang 1.3 9.52 82.00 91.52 NOTE
r-devel-linux-x86_64-debian-gcc 1.3 7.58 65.51 73.09 NOTE
r-devel-linux-x86_64-fedora-clang 1.3 109.02 NOTE
r-devel-linux-x86_64-fedora-gcc 1.3 108.79 NOTE
r-devel-windows-ix86+x86_64 1.3 33.00 130.00 163.00 NOTE
r-patched-linux-x86_64 1.3 8.63 81.02 89.65 NOTE
r-patched-solaris-x86 1.3 165.90 NOTE
r-release-linux-x86_64 1.3 8.60 81.18 89.78 NOTE
r-release-windows-ix86+x86_64 1.3 25.00 123.00 148.00 NOTE
r-release-osx-x86_64 1.3 NOTE
r-oldrel-windows-ix86+x86_64 1.3 9.00 83.00 92.00 NOTE
r-oldrel-osx-x86_64 1.3 NOTE

Check Details

Version: 1.3
Check: R code for possible problems
Result: NOTE
    arfimaOLS: no visible global function definition for 'lm'
    arfimaPrep: no visible global function definition for 'aggregate'
    arfimaPrep: no visible global function definition for 'arima'
    arfimaPrep: no visible global function definition for 'lm'
    arfimaPrep: no visible global function definition for 'residuals'
    Undefined global functions or variables:
     aggregate arima lm residuals
    Consider adding
     importFrom("stats", "aggregate", "arima", "lm", "residuals")
    to your NAMESPACE file.
Flavors: r-devel-linux-x86_64-debian-clang, r-devel-linux-x86_64-debian-gcc, r-devel-linux-x86_64-fedora-clang, r-devel-linux-x86_64-fedora-gcc, r-devel-windows-ix86+x86_64, r-patched-linux-x86_64, r-patched-solaris-x86, r-release-linux-x86_64, r-release-windows-ix86+x86_64, r-release-osx-x86_64, r-oldrel-windows-ix86+x86_64, r-oldrel-osx-x86_64