CRAN Package Check Results for Package Arothron

Last updated on 2019-08-24 08:49:45 CEST.

Flavor Version Tinstall Tcheck Ttotal Status Flags
r-devel-linux-x86_64-debian-clang 1.0.2 8.79 85.11 93.90 OK
r-devel-linux-x86_64-debian-gcc 1.0.2 7.44 68.04 75.48 OK
r-devel-linux-x86_64-fedora-clang 1.0.2 118.69 OK
r-devel-linux-x86_64-fedora-gcc 1.0.2 111.97 OK
r-devel-windows-ix86+x86_64 1.0.2 28.00 98.00 126.00 OK
r-patched-linux-x86_64 1.0.2 8.31 84.25 92.56 OK
r-patched-solaris-x86 1.0.2 177.70 OK
r-release-linux-x86_64 1.0.2 8.51 83.26 91.77 OK
r-release-windows-ix86+x86_64 1.0.2 32.00 173.00 205.00 OK
r-release-osx-x86_64 1.0.2 WARN
r-oldrel-windows-ix86+x86_64 1.0.2 23.00 133.00 156.00 OK
r-oldrel-osx-x86_64 1.0.2 WARN

Check Details

Version: 1.0.2
Check: whether package can be installed
Result: WARN
    Found the following significant warnings:
     Warning: 'rgl_init' failed, running with rgl.useNULL = TRUE
Flavors: r-release-osx-x86_64, r-oldrel-osx-x86_64