CRAN Package Check Results for Package Arothron

Last updated on 2020-12-04 01:50:56 CET.

Flavor Version Tinstall Tcheck Ttotal Status Flags
r-devel-linux-x86_64-debian-clang 2.0.1 13.15 108.77 121.92 OK
r-devel-linux-x86_64-debian-gcc 2.0.1 11.81 86.56 98.37 OK
r-devel-linux-x86_64-fedora-clang 2.0.1 172.74 NOTE
r-devel-linux-x86_64-fedora-gcc 2.0.1 146.78 OK
r-devel-windows-ix86+x86_64 2.0.1 31.00 133.00 164.00 NOTE
r-patched-linux-x86_64 2.0.1 13.43 104.92 118.35 OK
r-patched-solaris-x86 2.0.1 218.30 NOTE
r-release-linux-x86_64 2.0.1 12.96 105.42 118.38 OK
r-release-macos-x86_64 2.0.1 NOTE
r-release-windows-ix86+x86_64 2.0.1 20.00 106.00 126.00 NOTE
r-oldrel-macos-x86_64 2.0.1 ERROR
r-oldrel-windows-ix86+x86_64 2.0.1 3.00 6.00 9.00 ERROR

Check Details

Version: 2.0.1
Check: installed package size
Result: NOTE
     installed size is 5.2Mb
     sub-directories of 1Mb or more:
     data 4.9Mb
Flavors: r-devel-linux-x86_64-fedora-clang, r-devel-windows-ix86+x86_64, r-patched-solaris-x86, r-release-macos-x86_64, r-release-windows-ix86+x86_64

Version: 2.0.1
Check: package dependencies
Result: ERROR
    Package required and available but unsuitable version: ‘stats4’
    
    See section ‘The DESCRIPTION file’ in the ‘Writing R Extensions’
    manual.
Flavors: r-oldrel-macos-x86_64, r-oldrel-windows-ix86+x86_64