Last updated on 2023-03-29 06:53:28 CEST.
Flavor | Version | Tinstall | Tcheck | Ttotal | Status | Flags |
---|---|---|---|---|---|---|
r-devel-linux-x86_64-debian-clang | 1.0.4 | 13.23 | 92.89 | 106.12 | OK | |
r-devel-linux-x86_64-debian-gcc | 1.0.4 | 10.35 | 68.18 | 78.53 | OK | |
r-devel-linux-x86_64-fedora-clang | 1.0.4 | 142.94 | NOTE | |||
r-devel-linux-x86_64-fedora-gcc | 1.0.4 | 365.03 | NOTE | |||
r-devel-windows-x86_64 | 1.0.4 | 34.00 | 0.00 | 34.00 | OK | |
r-patched-linux-x86_64 | 1.0.4 | 12.74 | 89.18 | 101.92 | OK | |
r-release-linux-x86_64 | 1.0.4 | 10.73 | 85.89 | 96.62 | OK | |
r-release-macos-arm64 | 1.0.4 | 92.00 | NOTE | |||
r-release-macos-x86_64 | 1.0.4 | 125.00 | NOTE | |||
r-release-windows-x86_64 | 1.0.4 | 23.00 | 122.00 | 145.00 | OK | |
r-oldrel-macos-arm64 | 1.0.4 | 141.00 | NOTE | |||
r-oldrel-macos-x86_64 | 1.0.4 | 201.00 | NOTE | |||
r-oldrel-windows-ix86+x86_64 | 1.0.4 | 25.00 | 118.00 | 143.00 | OK |
Version: 1.0.4
Check: dependencies in R code
Result: NOTE
Namespace in Imports field not imported from: ‘knitr’
All declared Imports should be used.
Flavors: r-devel-linux-x86_64-fedora-clang, r-devel-linux-x86_64-fedora-gcc, r-release-macos-arm64, r-release-macos-x86_64, r-oldrel-macos-arm64, r-oldrel-macos-x86_64