CRAN Package Check Results for Package AutoStepwiseGLM

Last updated on 2025-01-17 21:49:26 CET.

Flavor Version Tinstall Tcheck Ttotal Status Flags
r-devel-linux-x86_64-debian-clang 0.2.0 14.20 99.28 113.48 OK
r-devel-linux-x86_64-debian-gcc 0.2.0 10.87 74.00 84.87 OK
r-devel-linux-x86_64-fedora-clang 0.2.0 182.84 OK
r-devel-linux-x86_64-fedora-gcc 0.2.0 164.36 OK
r-devel-windows-x86_64 0.2.0 14.00 101.00 115.00 OK
r-patched-linux-x86_64 0.2.0 12.83 91.59 104.42 NOTE
r-release-linux-x86_64 0.2.0 12.60 91.30 103.90 NOTE
r-release-macos-arm64 0.2.0 50.00 NOTE
r-release-macos-x86_64 0.2.0 75.00 NOTE
r-release-windows-x86_64 0.2.0 13.00 99.00 112.00 NOTE
r-oldrel-macos-arm64 0.2.0 50.00 NOTE
r-oldrel-macos-x86_64 0.2.0 89.00 NOTE
r-oldrel-windows-x86_64 0.2.0 18.00 119.00 137.00 NOTE

Check Details

Version: 0.2.0
Check: LazyData
Result: NOTE 'LazyData' is specified without a 'data' directory Flavors: r-patched-linux-x86_64, r-release-linux-x86_64, r-release-macos-arm64, r-release-macos-x86_64, r-release-windows-x86_64, r-oldrel-macos-arm64, r-oldrel-macos-x86_64, r-oldrel-windows-x86_64