CRAN Package Check Results for Package AzureGraph

Last updated on 2022-08-13 07:11:29 CEST.

Flavor Version Tinstall Tcheck Ttotal Status Flags
r-devel-linux-x86_64-debian-clang 1.3.2 11.00 35.74 46.74 OK
r-devel-linux-x86_64-debian-gcc 1.3.2 8.01 27.97 35.98 OK
r-devel-linux-x86_64-fedora-clang 1.3.2 70.73 NOTE
r-devel-linux-x86_64-fedora-gcc 1.3.2 67.35 NOTE
r-devel-windows-x86_64 1.3.2 26.00 68.00 94.00 OK
r-patched-linux-x86_64 1.3.2 13.88 34.29 48.17 OK
r-release-linux-x86_64 1.3.2 11.03 34.64 45.67 OK
r-release-macos-arm64 1.3.2 22.00 NOTE
r-release-macos-x86_64 1.3.2 32.00 NOTE
r-release-windows-x86_64 1.3.2 43.00 68.00 111.00 OK
r-oldrel-macos-arm64 1.3.2 32.00 NOTE
r-oldrel-macos-x86_64 1.3.2 34.00 NOTE
r-oldrel-windows-ix86+x86_64 1.3.2 20.00 55.00 75.00 OK

Check Details

Version: 1.3.2
Check: dependencies in R code
Result: NOTE
    Namespace in Imports field not imported from: ‘curl’
     All declared Imports should be used.
Flavors: r-devel-linux-x86_64-fedora-clang, r-devel-linux-x86_64-fedora-gcc, r-release-macos-arm64, r-release-macos-x86_64, r-oldrel-macos-arm64, r-oldrel-macos-x86_64