Last updated on 2022-08-12 04:53:17 CEST.
Flavor | Version | Tinstall | Tcheck | Ttotal | Status | Flags |
---|---|---|---|---|---|---|
r-devel-linux-x86_64-debian-clang | 1.0.5 | 10.76 | 33.02 | 43.78 | OK | |
r-devel-linux-x86_64-debian-gcc | 1.0.5 | 7.83 | 25.33 | 33.16 | OK | |
r-devel-linux-x86_64-fedora-clang | 1.0.5 | 65.76 | NOTE | |||
r-devel-linux-x86_64-fedora-gcc | 1.0.5 | 64.10 | NOTE | |||
r-devel-windows-x86_64 | 1.0.5 | 45.00 | 60.00 | 105.00 | OK | |
r-patched-linux-x86_64 | 1.0.5 | 13.37 | 30.64 | 44.01 | OK | |
r-release-linux-x86_64 | 1.0.5 | 8.24 | 31.80 | 40.04 | OK | |
r-release-macos-arm64 | 1.0.5 | 22.00 | NOTE | |||
r-release-macos-x86_64 | 1.0.5 | 35.00 | NOTE | |||
r-release-windows-x86_64 | 1.0.5 | 59.00 | 61.00 | 120.00 | OK | |
r-oldrel-macos-arm64 | 1.0.5 | 23.00 | NOTE | |||
r-oldrel-macos-x86_64 | 1.0.5 | 31.00 | NOTE | |||
r-oldrel-windows-ix86+x86_64 | 1.0.5 | 18.00 | 51.00 | 69.00 | OK |
Version: 1.0.5
Check: dependencies in R code
Result: NOTE
Namespaces in Imports field not imported from:
‘R6’ ‘jose’ ‘openssl’
All declared Imports should be used.
Flavors: r-devel-linux-x86_64-fedora-clang, r-devel-linux-x86_64-fedora-gcc, r-release-macos-arm64, r-release-macos-x86_64, r-oldrel-macos-arm64, r-oldrel-macos-x86_64