Last updated on 2022-08-09 03:51:56 CEST.
Flavor | Version | Tinstall | Tcheck | Ttotal | Status | Flags |
---|---|---|---|---|---|---|
r-devel-linux-x86_64-debian-clang | 2.2.2 | 7.23 | 40.14 | 47.37 | OK | |
r-devel-linux-x86_64-debian-gcc | 2.2.2 | 5.78 | 30.38 | 36.16 | OK | |
r-devel-linux-x86_64-fedora-clang | 2.2.2 | 68.15 | OK | |||
r-devel-linux-x86_64-fedora-gcc | 2.2.2 | 66.85 | OK | |||
r-devel-windows-x86_64 | 2.2.2 | 27.00 | 111.00 | 138.00 | OK | |
r-patched-linux-x86_64 | 2.2.2 | 7.27 | 37.87 | 45.14 | OK | |
r-release-linux-x86_64 | 2.2.2 | OK | ||||
r-release-macos-arm64 | 2.2.2 | 20.00 | OK | |||
r-release-macos-x86_64 | 2.2.2 | 36.00 | OK | |||
r-release-windows-x86_64 | 2.2.2 | 38.00 | 66.00 | 104.00 | OK | |
r-oldrel-macos-arm64 | 2.2.2 | 25.00 | OK | |||
r-oldrel-macos-x86_64 | 2.2.2 | 33.00 | NOTE | |||
r-oldrel-windows-ix86+x86_64 | 2.2.2 | 14.00 | 57.00 | 71.00 | OK |
Version: 2.2.2
Check: package dependencies
Result: NOTE
Package suggested but not available for checking: ‘AzureKeyVault’
Flavor: r-oldrel-macos-x86_64