Last updated on 2021-03-02 20:47:49 CET.
Flavor | Version | Tinstall | Tcheck | Ttotal | Status | Flags |
---|---|---|---|---|---|---|
r-devel-linux-x86_64-debian-clang | 1.0.0-3 | OK | ||||
r-devel-linux-x86_64-debian-gcc | 1.0.0-3 | 21.94 | 52.26 | 74.20 | OK | |
r-devel-linux-x86_64-fedora-clang | 1.0.0-3 | 142.11 | NOTE | |||
r-devel-linux-x86_64-fedora-gcc | 1.0.0-3 | 118.38 | NOTE | |||
r-devel-windows-ix86+x86_64 | 1.0.0-3 | 21.00 | 7.00 | 28.00 | ERROR | |
r-patched-linux-x86_64 | 1.0.0-3 | 24.67 | 67.59 | 92.26 | OK | |
r-patched-solaris-x86 | 1.0.0-3 | 163.80 | OK | |||
r-release-linux-x86_64 | 1.0.0-3 | 26.44 | 67.20 | 93.64 | OK | |
r-release-macos-x86_64 | 1.0.0-3 | OK | ||||
r-release-windows-ix86+x86_64 | 1.0.0-3 | 19.00 | 7.00 | 26.00 | ERROR | |
r-oldrel-macos-x86_64 | 1.0.0-3 | OK | ||||
r-oldrel-windows-ix86+x86_64 | 1.0.0-3 | 71.00 | 108.00 | 179.00 | OK |
Version: 1.0.0-3
Check: compiled code
Result: NOTE
File ‘BALD/libs/BALD.so’:
Found no calls to: ‘R_registerRoutines’, ‘R_useDynamicSymbols’
It is good practice to register native routines and to disable symbol
search.
See ‘Writing portable packages’ in the ‘Writing R Extensions’ manual.
Flavors: r-devel-linux-x86_64-fedora-clang, r-devel-linux-x86_64-fedora-gcc
Version: 1.0.0-3
Check: whether package can be installed
Result: ERROR
Installation failed.
Flavors: r-devel-windows-ix86+x86_64, r-release-windows-ix86+x86_64