CRAN Package Check Results for Package BART

Last updated on 2022-08-07 19:52:13 CEST.

Flavor Version Tinstall Tcheck Ttotal Status Flags
r-devel-linux-x86_64-debian-clang 2.9 159.69 179.14 338.83 OK
r-devel-linux-x86_64-debian-gcc 2.9 117.15 131.33 248.48 OK
r-devel-linux-x86_64-fedora-clang 2.9 488.10 NOTE
r-devel-linux-x86_64-fedora-gcc 2.9 422.63 OK
r-devel-windows-x86_64 2.9 184.00 214.00 398.00 NOTE
r-patched-linux-x86_64 2.9 129.99 165.77 295.76 OK
r-release-linux-x86_64 2.9 126.41 165.84 292.25 OK
r-release-macos-arm64 2.9 112.00 NOTE
r-release-macos-x86_64 2.9 141.00 NOTE
r-release-windows-x86_64 2.9 139.00 242.00 381.00 NOTE
r-oldrel-macos-arm64 2.9 157.00 NOTE
r-oldrel-macos-x86_64 2.9 210.00 NOTE
r-oldrel-windows-ix86+x86_64 2.9 371.00 237.00 608.00 NOTE

Check Details

Version: 2.9
Check: installed package size
Result: NOTE
     installed size is 7.8Mb
     sub-directories of 1Mb or more:
     data 3.2Mb
     libs 3.1Mb
Flavors: r-devel-linux-x86_64-fedora-clang, r-devel-windows-x86_64, r-release-macos-arm64, r-release-macos-x86_64, r-release-windows-x86_64, r-oldrel-macos-arm64, r-oldrel-macos-x86_64, r-oldrel-windows-ix86+x86_64