CRAN Package Check Results for Package BASS

Last updated on 2020-08-10 02:46:48 CEST.

Flavor Version Tinstall Tcheck Ttotal Status Flags
r-devel-linux-x86_64-debian-clang 1.2.0 8.30 75.77 84.07 NOTE --no-vignettes
r-devel-linux-x86_64-debian-gcc 1.2.0 7.72 54.76 62.48 NOTE --no-vignettes
r-devel-linux-x86_64-fedora-clang 1.2.0 106.06 NOTE --no-vignettes
r-devel-linux-x86_64-fedora-gcc 1.2.0 95.65 NOTE --no-vignettes
r-devel-windows-ix86+x86_64 1.2.0 17.00 101.00 118.00 OK --no-vignettes
r-patched-linux-x86_64 1.2.0 8.21 73.56 81.77 NOTE --no-vignettes
r-patched-solaris-x86 1.2.0 1977.80 WARN
r-release-linux-x86_64 1.2.0 8.22 73.16 81.38 NOTE --no-vignettes
r-release-macos-x86_64 1.2.0 WARN
r-release-windows-ix86+x86_64 1.2.0 17.00 77.00 94.00 OK --no-vignettes
r-oldrel-macos-x86_64 1.2.0 WARN
r-oldrel-windows-ix86+x86_64 1.2.0 9.00 97.00 106.00 OK --no-vignettes

Check Details

Version: 1.2.0
Flags: --no-vignettes
Check: package dependencies
Result: NOTE
    Package suggested but not available for checking: 'wmtsa'
Flavors: r-devel-linux-x86_64-debian-clang, r-devel-linux-x86_64-debian-gcc, r-devel-linux-x86_64-fedora-clang, r-devel-linux-x86_64-fedora-gcc, r-patched-linux-x86_64, r-release-linux-x86_64

Version: 1.2.0
Check: package dependencies
Result: NOTE
    Package suggested but not available for checking: ‘wmtsa’
Flavors: r-patched-solaris-x86, r-release-macos-x86_64

Version: 1.2.0
Check: re-building of vignette outputs
Result: WARN
    Error(s) in re-building vignettes:
     ...
    --- re-building ‘article4.Rnw’ using knitr
Flavor: r-patched-solaris-x86

Version: 1.2.0
Check: re-building of vignette outputs
Result: WARN
    Error(s) in re-building vignettes:
     ...
    --- re-building ‘article4.Rnw’ using knitr
    Quitting from lines 112-118 (./child/ex4-2.Rnw)
    Quitting from lines 52-53 (./child/ex4-2.Rnw)
    Error: processing vignette 'article4.Rnw' failed with diagnostics:
    there is no package called 'wmtsa'
    --- failed re-building ‘article4.Rnw’
    
    SUMMARY: processing the following file failed:
     ‘article4.Rnw’
    
    Error: Vignette re-building failed.
    Execution halted
Flavor: r-release-macos-x86_64

Version: 1.2.0
Check: re-building of vignette outputs
Result: WARN
    Error(s) in re-building vignettes:
     ...
    --- re-building ‘article4.Rnw’ using knitr
    Quitting from lines 8-9 (./child/ex5-2.Rnw)
    Quitting from lines 45-45 (./child/ex5-2.Rnw)
    Error: processing vignette 'article4.Rnw' failed with diagnostics:
    cannot open the connection to 'https://archive.ics.uci.edu/ml/machine-learning-databases/00291/airfoil_self_noise.dat'
    --- failed re-building ‘article4.Rnw’
    
    SUMMARY: processing the following file failed:
     ‘article4.Rnw’
    
    Error: Vignette re-building failed.
    Execution halted
Flavor: r-oldrel-macos-x86_64