CRAN Package Check Results for Package BASS

Last updated on 2020-01-19 11:47:30 CET.

Flavor Version Tinstall Tcheck Ttotal Status Flags
r-devel-linux-x86_64-debian-clang 0.2.2 13.27 40.93 54.20 OK --no-vignettes
r-devel-linux-x86_64-debian-gcc 0.2.2 9.14 30.85 39.99 OK --no-vignettes
r-devel-linux-x86_64-fedora-clang 0.2.2 66.49 OK --no-vignettes
r-devel-linux-x86_64-fedora-gcc 0.2.2 63.98 OK --no-vignettes
r-devel-windows-ix86+x86_64 0.2.2 36.00 63.00 99.00 OK --no-vignettes
r-devel-windows-ix86+x86_64-gcc8 0.2.2 28.00 79.00 107.00 OK --no-vignettes
r-patched-linux-x86_64 0.2.2 9.25 36.55 45.80 OK --no-vignettes
r-patched-solaris-x86 0.2.2 1960.80 WARN
r-release-linux-x86_64 0.2.2 10.42 37.98 48.40 OK --no-vignettes
r-release-windows-ix86+x86_64 0.2.2 37.00 51.00 88.00 OK --no-vignettes
r-release-osx-x86_64 0.2.2 FAIL
r-oldrel-windows-ix86+x86_64 0.2.2 30.00 48.00 78.00 OK --no-vignettes
r-oldrel-osx-x86_64 0.2.2 FAIL

Check Details

Version: 0.2.2
Check: re-building of vignette outputs
Result: WARN
    Error(s) in re-building vignettes:
     ...
    --- re-building ‘article2-vignette.Rnw’ using knitr
    Warning in block_exec(params) :
     Failed to tidy R code in chunk 'unnamed-chunk-8'. Reason:
    Error in loadNamespace(name) : there is no package called 'formatR'
Flavor: r-patched-solaris-x86

Version: 0.2.2
Check: re-building of vignette outputs
Result: WARN
    Error(s) in re-building vignettes:
     ...
    --- re-building ‘article2-vignette.Rnw’ using knitr
    
    Execution halted
Flavor: r-release-osx-x86_64

Version: 0.2.2
Check: PDF version of manual
Result: FAIL
Flavors: r-release-osx-x86_64, r-oldrel-osx-x86_64

Version: 0.2.2
Check: re-building of vignette outputs
Result: WARN
    Error in re-building vignettes:
     ...
    
    Execution halted
Flavor: r-oldrel-osx-x86_64