CRAN Package Check Results for Package BCellMA

Last updated on 2019-11-17 21:46:31 CET.

Flavor Version Tinstall Tcheck Ttotal Status Flags
r-devel-linux-x86_64-debian-clang 0.3.4 5.50 54.04 59.54 NOTE
r-devel-linux-x86_64-debian-gcc 0.3.4 4.50 40.11 44.61 NOTE
r-devel-linux-x86_64-fedora-clang 0.3.4 71.24 OK
r-devel-linux-x86_64-fedora-gcc 0.3.4 67.08 OK
r-devel-windows-ix86+x86_64 0.3.4 24.00 86.00 110.00 NOTE
r-patched-linux-x86_64 0.3.4 5.52 49.62 55.14 OK
r-patched-solaris-x86 0.3.4 98.30 OK
r-release-linux-x86_64 0.3.4 4.39 50.47 54.86 OK
r-release-windows-ix86+x86_64 0.3.4 11.00 97.00 108.00 OK
r-release-osx-x86_64 0.3.4 OK
r-oldrel-windows-ix86+x86_64 0.3.4 8.00 58.00 66.00 OK
r-oldrel-osx-x86_64 0.3.4 OK

Check Details

Version: 0.3.4
Check: package vignettes
Result: NOTE
    Package vignette with placeholder title 'Vignette Title':
     'vignette.Rmd'
Flavors: r-devel-linux-x86_64-debian-clang, r-devel-linux-x86_64-debian-gcc, r-devel-windows-ix86+x86_64