CRAN Package Check Results for Package BCellMA

Last updated on 2020-06-06 13:52:30 CEST.

Flavor Version Tinstall Tcheck Ttotal Status Flags
r-devel-linux-x86_64-debian-clang 0.3.4 5.53 58.38 63.91 NOTE
r-devel-linux-x86_64-debian-gcc 0.3.4 5.14 43.64 48.78 NOTE
r-devel-linux-x86_64-fedora-clang 0.3.4 84.15 OK
r-devel-linux-x86_64-fedora-gcc 0.3.4 74.03 OK
r-devel-windows-ix86+x86_64 0.3.4 22.00 94.00 116.00 NOTE
r-patched-linux-x86_64 0.3.4 6.28 56.41 62.69 NOTE
r-patched-solaris-x86 0.3.4 111.00 OK
r-release-linux-x86_64 0.3.4 6.04 55.60 61.64 NOTE
r-release-osx-x86_64 0.3.4 OK
r-release-windows-ix86+x86_64 0.3.4 24.00 97.00 121.00 NOTE
r-oldrel-osx-x86_64 0.3.4 OK
r-oldrel-windows-ix86+x86_64 0.3.4 19.00 97.00 116.00 OK

Check Details

Version: 0.3.4
Check: package vignettes
Result: NOTE
    Package vignette with placeholder title 'Vignette Title':
     'vignette.Rmd'
Flavors: r-devel-linux-x86_64-debian-clang, r-devel-linux-x86_64-debian-gcc, r-devel-windows-ix86+x86_64, r-patched-linux-x86_64, r-release-linux-x86_64, r-release-windows-ix86+x86_64