CRAN Package Check Results for Package BDP2

Last updated on 2022-10-01 18:54:08 CEST.

Flavor Version Tinstall Tcheck Ttotal Status Flags
r-devel-linux-x86_64-debian-clang 0.1.3 13.13 98.69 111.82 NOTE
r-devel-linux-x86_64-debian-gcc 0.1.3 9.46 69.64 79.10 NOTE
r-devel-linux-x86_64-fedora-clang 0.1.3 154.63 NOTE
r-devel-linux-x86_64-fedora-gcc 0.1.3 142.95 NOTE
r-devel-windows-x86_64 0.1.3 22.00 119.00 141.00 NOTE
r-patched-linux-x86_64 0.1.3 12.51 94.27 106.78 NOTE
r-release-linux-x86_64 0.1.3 15.59 93.20 108.79 NOTE
r-release-macos-arm64 0.1.3 35.00 NOTE
r-release-macos-x86_64 0.1.3 66.00 NOTE
r-release-windows-x86_64 0.1.3 28.00 123.00 151.00 NOTE
r-oldrel-macos-arm64 0.1.3 43.00 NOTE
r-oldrel-macos-x86_64 0.1.3 68.00 NOTE
r-oldrel-windows-ix86+x86_64 0.1.3 25.00 119.00 144.00 NOTE

Check Details

Version: 0.1.3
Check: LazyData
Result: NOTE
     'LazyData' is specified without a 'data' directory
Flavors: r-devel-linux-x86_64-debian-clang, r-devel-linux-x86_64-debian-gcc, r-devel-linux-x86_64-fedora-clang, r-devel-linux-x86_64-fedora-gcc, r-devel-windows-x86_64, r-patched-linux-x86_64, r-release-linux-x86_64, r-release-macos-arm64, r-release-macos-x86_64, r-release-windows-x86_64, r-oldrel-macos-arm64, r-oldrel-macos-x86_64, r-oldrel-windows-ix86+x86_64