CRAN Package Check Results for Package BETS

Last updated on 2020-01-23 08:48:47 CET.

Flavor Version Tinstall Tcheck Ttotal Status Flags
r-devel-linux-x86_64-debian-clang 0.4.9 16.62 113.62 130.24 OK
r-devel-linux-x86_64-debian-gcc 0.4.9 14.16 87.07 101.23 OK
r-devel-linux-x86_64-fedora-clang 0.4.9 163.78 NOTE
r-devel-linux-x86_64-fedora-gcc 0.4.9 150.55 OK
r-devel-windows-ix86+x86_64 0.4.9 52.00 200.00 252.00 OK
r-devel-windows-ix86+x86_64-gcc8 0.4.9 71.00 179.00 250.00 OK
r-patched-linux-x86_64 0.4.9 14.13 100.10 114.23 OK
r-patched-solaris-x86 0.4.9 205.90 OK
r-release-linux-x86_64 0.4.9 14.90 101.18 116.08 OK
r-release-windows-ix86+x86_64 0.4.9 33.00 122.00 155.00 OK
r-release-osx-x86_64 0.4.9 OK
r-oldrel-windows-ix86+x86_64 0.4.9 23.00 114.00 137.00 OK
r-oldrel-osx-x86_64 0.4.9 OK

Check Details

Version: 0.4.9
Check: package dependencies
Result: NOTE
    Imports includes 27 non-default packages.
    Importing from so many packages makes the package vulnerable to any of
    them becoming unavailable. Move as many as possible to Suggests and
    use conditionally.
Flavor: r-devel-linux-x86_64-fedora-clang