CRAN Package Check Results for Package BGGM

Last updated on 2020-07-09 19:47:51 CEST.

Flavor Version Tinstall Tcheck Ttotal Status Flags
r-devel-linux-x86_64-debian-clang 2.0.0 79.74 215.54 295.28 OK
r-devel-linux-x86_64-debian-gcc 2.0.0 58.36 162.09 220.45 OK
r-devel-linux-x86_64-fedora-clang 2.0.0 374.64 NOTE
r-devel-linux-x86_64-fedora-gcc 2.0.0 344.20 NOTE
r-devel-windows-ix86+x86_64 2.0.0 129.00 291.00 420.00 NOTE
r-patched-linux-x86_64 2.0.0 59.09 206.95 266.04 OK
r-patched-solaris-x86 2.0.0 467.40 NOTE
r-release-linux-x86_64 2.0.0 62.91 208.12 271.03 OK
r-release-osx-x86_64 2.0.0 NOTE
r-release-windows-ix86+x86_64 2.0.0 125.00 283.00 408.00 NOTE
r-oldrel-osx-x86_64 2.0.0 NOTE
r-oldrel-windows-ix86+x86_64 2.0.0 119.00 289.00 408.00 NOTE

Check Details

Version: 2.0.0
Check: installed package size
Result: NOTE
     installed size is 10.1Mb
     sub-directories of 1Mb or more:
     doc 2.6Mb
     libs 5.8Mb
Flavors: r-devel-linux-x86_64-fedora-clang, r-devel-windows-ix86+x86_64, r-patched-solaris-x86, r-release-osx-x86_64, r-release-windows-ix86+x86_64, r-oldrel-osx-x86_64, r-oldrel-windows-ix86+x86_64

Version: 2.0.0
Check: dependencies in R code
Result: NOTE
    Namespace in Imports field not imported from: ‘RcppProgress’
     All declared Imports should be used.
Flavors: r-devel-linux-x86_64-fedora-clang, r-devel-linux-x86_64-fedora-gcc, r-patched-solaris-x86, r-release-osx-x86_64, r-oldrel-osx-x86_64