CRAN Package Check Results for Package BGmisc

Last updated on 2023-06-03 00:57:02 CEST.

Flavor Version Tinstall Tcheck Ttotal Status Flags
r-devel-linux-x86_64-debian-clang 0.1 4.25 25.25 29.50 NOTE
r-devel-linux-x86_64-debian-gcc 0.1 3.33 19.91 23.24 NOTE
r-devel-linux-x86_64-fedora-clang 0.1 36.86 NOTE
r-devel-linux-x86_64-fedora-gcc 0.1 41.65 NOTE
r-devel-windows-x86_64 0.1 5.00 42.00 47.00 NOTE
r-patched-linux-x86_64 0.1 NOTE
r-release-linux-x86_64 0.1 3.10 24.51 27.61 NOTE
r-release-macos-arm64 0.1 18.00 NOTE
r-release-macos-x86_64 0.1 23.00 NOTE
r-release-windows-x86_64 0.1 11.00 42.00 53.00 NOTE
r-oldrel-macos-arm64 0.1 17.00 NOTE
r-oldrel-macos-x86_64 0.1 22.00 NOTE
r-oldrel-windows-x86_64 0.1 5.00 44.00 49.00 NOTE

Check Details

Version: 0.1
Check: LazyData
Result: NOTE
     'LazyData' is specified without a 'data' directory
Flavors: r-devel-linux-x86_64-debian-clang, r-devel-linux-x86_64-debian-gcc, r-devel-linux-x86_64-fedora-clang, r-devel-linux-x86_64-fedora-gcc, r-devel-windows-x86_64, r-patched-linux-x86_64, r-release-linux-x86_64, r-release-macos-arm64, r-release-macos-x86_64, r-release-windows-x86_64, r-oldrel-macos-arm64, r-oldrel-macos-x86_64, r-oldrel-windows-x86_64