CRAN Package Check Results for Package BHH2

Last updated on 2022-06-25 00:50:40 CEST.

Flavor Version Tinstall Tcheck Ttotal Status Flags
r-devel-linux-x86_64-debian-clang 2016.05.31 2.51 36.78 39.29 NOTE
r-devel-linux-x86_64-debian-gcc 2016.05.31 2.09 28.74 30.83 NOTE
r-devel-linux-x86_64-fedora-clang 2016.05.31 59.27 NOTE
r-devel-linux-x86_64-fedora-gcc 2016.05.31 57.84 NOTE
r-devel-windows-x86_64 2016.05.31 18.00 77.00 95.00 NOTE
r-patched-linux-x86_64 2016.05.31 3.28 35.11 38.39 OK
r-release-linux-x86_64 2016.05.31 2.83 35.64 38.47 OK
r-release-macos-arm64 2016.05.31 22.00 OK
r-release-macos-x86_64 2016.05.31 31.00 OK
r-release-windows-x86_64 2016.05.31 17.00 75.00 92.00 OK
r-oldrel-macos-arm64 2016.05.31 28.00 OK
r-oldrel-macos-x86_64 2016.05.31 39.00 OK
r-oldrel-windows-ix86+x86_64 2016.05.31 6.00 58.00 64.00 OK

Check Details

Version: 2016.05.31
Check: Rd files
Result: NOTE
    checkRd: (-1) dotPlot.Rd:56: Escaped LaTeX specials: \&
Flavors: r-devel-linux-x86_64-debian-clang, r-devel-linux-x86_64-debian-gcc, r-devel-linux-x86_64-fedora-clang, r-devel-linux-x86_64-fedora-gcc, r-devel-windows-x86_64

Version: 2016.05.31
Check: Rd cross-references
Result: NOTE
    Undeclared package ‘conf.design’ in Rd xrefs
Flavor: r-devel-linux-x86_64-fedora-clang