Last updated on 2021-04-16 11:51:07 CEST.
Flavor | Version | Tinstall | Tcheck | Ttotal | Status | Flags |
---|---|---|---|---|---|---|
r-devel-linux-x86_64-debian-clang | 0.3.3 | 13.91 | 104.82 | 118.73 | OK | |
r-devel-linux-x86_64-debian-gcc | 0.3.3 | 10.59 | 80.87 | 91.46 | OK | |
r-devel-linux-x86_64-fedora-clang | 0.3.3 | 150.15 | NOTE | |||
r-devel-linux-x86_64-fedora-gcc | 0.3.3 | 144.01 | NOTE | |||
r-devel-windows-ix86+x86_64 | 0.3.3 | 37.00 | 131.00 | 168.00 | OK | |
r-devel-windows-x86_64-gcc10-UCRT | 0.3.3 | NOTE | ||||
r-patched-linux-x86_64 | 0.3.3 | 12.74 | 99.86 | 112.60 | OK | |
r-patched-solaris-x86 | 0.3.3 | 210.60 | NOTE | |||
r-release-linux-x86_64 | 0.3.3 | 13.20 | 98.58 | 111.78 | OK | |
r-release-macos-x86_64 | 0.3.3 | NOTE | ||||
r-release-windows-ix86+x86_64 | 0.3.3 | 43.00 | 134.00 | 177.00 | OK | |
r-oldrel-macos-x86_64 | 0.3.3 | NOTE | ||||
r-oldrel-windows-ix86+x86_64 | 0.3.3 | 16.00 | 105.00 | 121.00 | OK |
Version: 0.3.3
Check: dependencies in R code
Result: NOTE
Namespaces in Imports field not imported from:
‘knitr’ ‘rmarkdown’
All declared Imports should be used.
Flavors: r-devel-linux-x86_64-fedora-clang, r-devel-linux-x86_64-fedora-gcc, r-devel-windows-x86_64-gcc10-UCRT, r-patched-solaris-x86, r-release-macos-x86_64, r-oldrel-macos-x86_64