CRAN Package Check Results for Package BOG

Last updated on 2020-01-20 19:47:36 CET.

Flavor Version Tinstall Tcheck Ttotal Status Flags
r-devel-linux-x86_64-debian-clang 2.0 2.73 38.44 41.17 NOTE
r-devel-linux-x86_64-debian-gcc 2.0 2.35 29.34 31.69 NOTE
r-devel-linux-x86_64-fedora-clang 2.0 49.54 NOTE
r-devel-linux-x86_64-fedora-gcc 2.0 48.85 NOTE
r-devel-windows-ix86+x86_64 2.0 11.00 54.00 65.00 NOTE
r-devel-windows-ix86+x86_64-gcc8 2.0 5.00 51.00 56.00 NOTE
r-patched-linux-x86_64 2.0 2.67 34.03 36.70 NOTE
r-patched-solaris-x86 2.0 63.80 NOTE
r-release-linux-x86_64 2.0 2.56 34.37 36.93 NOTE
r-release-windows-ix86+x86_64 2.0 9.00 64.00 73.00 NOTE
r-release-osx-x86_64 2.0 NOTE
r-oldrel-windows-ix86+x86_64 2.0 3.00 52.00 55.00 NOTE
r-oldrel-osx-x86_64 2.0 NOTE

Check Details

Version: 2.0
Check: R code for possible problems
Result: NOTE
    BOGest: no visible global function definition for 'read.table'
    BOGstat: no visible global function definition for 'phyper'
    BOGstat: no visible global function definition for 'wilcox.test'
    BOGstat: no visible global function definition for 'p.adjust'
    gseaplot: no visible global function definition for 'par'
    gseaplot: no visible global function definition for 'plot'
    gseaplot: no visible global function definition for 'points'
    gseaplot: no visible global function definition for 'axis'
    gseaplot: no visible global function definition for 'segments'
    hgplot: no visible global function definition for 'par'
    hgplot: no visible global function definition for 'barplot'
    Undefined global functions or variables:
     axis barplot p.adjust par phyper plot points read.table segments
     wilcox.test
    Consider adding
     importFrom("graphics", "axis", "barplot", "par", "plot", "points",
     "segments")
     importFrom("stats", "p.adjust", "phyper", "wilcox.test")
     importFrom("utils", "read.table")
    to your NAMESPACE file.
Flavors: r-devel-linux-x86_64-debian-clang, r-devel-linux-x86_64-debian-gcc, r-devel-linux-x86_64-fedora-clang, r-devel-linux-x86_64-fedora-gcc, r-devel-windows-ix86+x86_64, r-devel-windows-ix86+x86_64-gcc8, r-patched-linux-x86_64, r-patched-solaris-x86, r-release-linux-x86_64, r-release-windows-ix86+x86_64, r-release-osx-x86_64, r-oldrel-windows-ix86+x86_64, r-oldrel-osx-x86_64