CRAN Package Check Results for Package Barnard

Last updated on 2020-11-29 17:46:30 CET.

Flavor Version Tinstall Tcheck Ttotal Status Flags
r-devel-linux-x86_64-debian-clang 1.8 2.60 20.47 23.07 OK
r-devel-linux-x86_64-debian-gcc 1.8 1.86 15.48 17.34 OK
r-devel-linux-x86_64-fedora-clang 1.8 38.22 NOTE
r-devel-linux-x86_64-fedora-gcc 1.8 25.54 NOTE
r-devel-windows-ix86+x86_64 1.8 7.00 40.00 47.00 OK
r-patched-linux-x86_64 1.8 2.73 19.26 21.99 OK
r-patched-solaris-x86 1.8 41.80 OK
r-release-linux-x86_64 1.8 2.68 19.42 22.10 OK
r-release-macos-x86_64 1.8 OK
r-release-windows-ix86+x86_64 1.8 8.00 40.00 48.00 OK
r-oldrel-macos-x86_64 1.8 OK
r-oldrel-windows-ix86+x86_64 1.8 7.00 43.00 50.00 OK

Check Details

Version: 1.8
Check: compiled code
Result: NOTE
    File ‘Barnard/libs/Barnard.so’:
     Found no calls to: ‘R_registerRoutines’, ‘R_useDynamicSymbols’
    
    It is good practice to register native routines and to disable symbol
    search.
    
    See ‘Writing portable packages’ in the ‘Writing R Extensions’ manual.
Flavors: r-devel-linux-x86_64-fedora-clang, r-devel-linux-x86_64-fedora-gcc