CRAN Package Check Results for Package BatchExperiments

Last updated on 2022-01-27 13:49:41 CET.

Flavor Version Tinstall Tcheck Ttotal Status Flags
r-devel-linux-x86_64-debian-clang 1.4.2 6.56 147.51 154.07 NOTE
r-devel-linux-x86_64-debian-gcc 1.4.2 5.21 121.86 127.07 NOTE
r-devel-linux-x86_64-fedora-clang 1.4.2 179.49 NOTE
r-devel-linux-x86_64-fedora-gcc 1.4.2 170.74 NOTE
r-devel-windows-x86_64-new-UL 1.4.2 165.00 269.00 434.00 NOTE
r-devel-windows-x86_64-new-TK 1.4.2 NOTE
r-patched-linux-x86_64 1.4.2 10.46 136.74 147.20 NOTE
r-release-linux-x86_64 1.4.2 5.60 135.77 141.37 NOTE
r-release-macos-arm64 1.4.2 NOTE
r-release-macos-x86_64 1.4.2 NOTE
r-release-windows-ix86+x86_64 1.4.2 14.00 177.00 191.00 NOTE
r-oldrel-macos-x86_64 1.4.2 OK
r-oldrel-windows-ix86+x86_64 1.4.2 15.00 192.00 207.00 OK

Check Details

Version: 1.4.2
Check: LazyData
Result: NOTE
     'LazyData' is specified without a 'data' directory
Flavors: r-devel-linux-x86_64-debian-clang, r-devel-linux-x86_64-debian-gcc, r-devel-linux-x86_64-fedora-clang, r-devel-linux-x86_64-fedora-gcc, r-devel-windows-x86_64-new-UL, r-devel-windows-x86_64-new-TK, r-patched-linux-x86_64, r-release-linux-x86_64, r-release-macos-arm64, r-release-macos-x86_64, r-release-windows-ix86+x86_64