CRAN Package Check Results for Package BayesBD

Last updated on 2020-02-19 21:46:28 CET.

Flavor Version Tinstall Tcheck Ttotal Status Flags
r-devel-linux-x86_64-debian-clang 1.2 56.06 49.78 105.84 WARN
r-devel-linux-x86_64-debian-gcc 1.2 44.44 38.09 82.53 OK
r-devel-linux-x86_64-fedora-clang 1.2 142.76 WARN
r-devel-linux-x86_64-fedora-gcc 1.2 138.31 OK
r-devel-windows-ix86+x86_64 1.2 80.00 87.00 167.00 OK
r-devel-windows-ix86+x86_64-gcc8 1.2 126.00 124.00 250.00 OK
r-patched-linux-x86_64 1.2 43.76 43.82 87.58 OK
r-patched-solaris-x86 1.2 140.90 OK
r-release-linux-x86_64 1.2 43.57 44.84 88.41 OK
r-release-windows-ix86+x86_64 1.2 81.00 83.00 164.00 OK
r-release-osx-x86_64 1.2 ERROR
r-oldrel-windows-ix86+x86_64 1.2 73.00 81.00 154.00 OK
r-oldrel-osx-x86_64 1.2 ERROR

Check Details

Version: 1.2
Check: whether package can be installed
Result: WARN
    Found the following significant warnings:
     rcpparma_hello_world.cpp:930:4: warning: explicitly assigning value of variable of type 'arma::colvec' (aka 'Col<double>') to itself [-Wself-assign-overloaded]
     rcpparma_hello_world.cpp:930:12: warning: explicitly assigning value of variable of type 'arma::colvec' (aka 'Col<double>') to itself [-Wself-assign-overloaded]
     rcpparma_hello_world.cpp:939:4: warning: explicitly assigning value of variable of type 'arma::colvec' (aka 'Col<double>') to itself [-Wself-assign-overloaded]
     rcpparma_hello_world.cpp:939:12: warning: explicitly assigning value of variable of type 'arma::colvec' (aka 'Col<double>') to itself [-Wself-assign-overloaded]
Flavors: r-devel-linux-x86_64-debian-clang, r-devel-linux-x86_64-fedora-clang

Version: 1.2
Check: package dependencies
Result: ERROR
    Package required but not available: ‘mritc’
    
    See section ‘The DESCRIPTION file’ in the ‘Writing R Extensions’
    manual.
Flavors: r-release-osx-x86_64, r-oldrel-osx-x86_64