CRAN Package Check Results for Package BayesDA

Last updated on 2024-07-20 05:49:31 CEST.

Flavor Version Tinstall Tcheck Ttotal Status Flags
r-devel-linux-x86_64-debian-clang 2012.04-1 1.35 26.32 27.67 NOTE
r-devel-linux-x86_64-debian-gcc 2012.04-1 1.20 20.04 21.24 NOTE
r-devel-linux-x86_64-fedora-clang 2012.04-1 35.14 NOTE
r-devel-linux-x86_64-fedora-gcc 2012.04-1 34.62 NOTE
r-devel-windows-x86_64 2012.04-1 3.00 47.00 50.00 NOTE
r-patched-linux-x86_64 2012.04-1 1.44 24.40 25.84 NOTE
r-release-linux-x86_64 2012.04-1 1.34 25.00 26.34 NOTE
r-release-macos-arm64 2012.04-1 16.00 NOTE
r-release-macos-x86_64 2012.04-1 28.00 NOTE
r-release-windows-x86_64 2012.04-1 2.00 47.00 49.00 NOTE
r-oldrel-macos-arm64 2012.04-1 19.00 NOTE
r-oldrel-macos-x86_64 2012.04-1 23.00 NOTE
r-oldrel-windows-x86_64 2012.04-1 2.00 50.00 52.00 NOTE

Check Details

Version: 2012.04-1
Check: Rd files
Result: NOTE checkRd: (-1) dilution.Rd:13: Escaped LaTeX specials: \$ checkRd: (-1) dilution.Rd:15: Escaped LaTeX specials: \$ checkRd: (-1) dilution.Rd:16: Escaped LaTeX specials: \$ checkRd: (-1) dilution.Rd:17: Escaped LaTeX specials: \$ checkRd: (-1) personality.Rd:15: Escaped LaTeX specials: \$ checkRd: (-1) personality.Rd:16: Escaped LaTeX specials: \$ checkRd: (-1) personality.Rd:17: Escaped LaTeX specials: \$ Flavors: r-devel-linux-x86_64-debian-clang, r-devel-linux-x86_64-debian-gcc, r-devel-linux-x86_64-fedora-clang, r-devel-linux-x86_64-fedora-gcc, r-devel-windows-x86_64, r-patched-linux-x86_64, r-release-linux-x86_64, r-release-macos-arm64, r-release-macos-x86_64, r-release-windows-x86_64, r-oldrel-macos-arm64, r-oldrel-macos-x86_64, r-oldrel-windows-x86_64